{"id":142,"date":"2024-08-08T12:13:57","date_gmt":"2024-08-08T10:13:57","guid":{"rendered":"https:\/\/travailetapprentissages.fr\/?page_id=142"},"modified":"2024-08-22T15:33:28","modified_gmt":"2024-08-22T13:33:28","slug":"142-2","status":"publish","type":"page","link":"https:\/\/travailetapprentissages.fr\/?page_id=142","title":{"rendered":""},"content":{"rendered":"\n<div class=\"wp-block-columns alignwide is-layout-flex wp-container-core-columns-is-layout-28f84493 wp-block-columns-is-layout-flex\">\n<div class=\"wp-block-column is-layout-flow wp-block-column-is-layout-flow\" style=\"flex-basis:33.33%\">\n<figure class=\"wp-block-image alignright size-full is-resized\"><img loading=\"lazy\" decoding=\"async\" width=\"242\" height=\"362\" src=\"https:\/\/travailetapprentissages.fr\/wp-content\/uploads\/2024\/08\/revue-26.png\" alt=\"\" class=\"wp-image-141\" style=\"width:248px;height:auto\" srcset=\"https:\/\/travailetapprentissages.fr\/wp-content\/uploads\/2024\/08\/revue-26.png 242w, https:\/\/travailetapprentissages.fr\/wp-content\/uploads\/2024\/08\/revue-26-201x300.png 201w\" sizes=\"auto, (max-width: 242px) 100vw, 242px\" \/><\/figure>\n<\/div>\n\n\n\n<div class=\"wp-block-column is-layout-flow wp-block-column-is-layout-flow\" style=\"flex-basis:66.66%\">\n<h2 class=\"wp-block-heading\">Quelle \u00e9valuation pour les \u00ab&nbsp;\u00e9ducations \u00e0&nbsp;\u00bb&nbsp;? Cadres, enjeux, pistes et limites <\/h2>\n\n\n\n<p><strong>Travail et apprentissages N\u00b026<\/strong><\/p>\n\n\n\n<p>Coordination : Nicole Mencacci et Angela Barthes<\/p>\n\n\n\n<p>\u00c9ditions Raison et Passions, 2023<\/p>\n\n\n\n<div class=\"wp-block-buttons is-layout-flex wp-block-buttons-is-layout-flex\">\n<div class=\"wp-block-button\"><a class=\"wp-block-button__link wp-element-button\" href=\"https:\/\/www.cairn.info\/revue-travail-et-apprentissages-2023-2.htm\">Acc\u00e9der au num\u00e9ro<\/a><\/div>\n<\/div>\n<\/div>\n<\/div>\n\n\n\n<div style=\"height:40px\" aria-hidden=\"true\" class=\"wp-block-spacer\"><\/div>\n\n\n\n<h2 class=\"wp-block-heading has-text-align-center\">Sommaire<\/h2>\n\n\n\n<hr class=\"wp-block-separator has-text-color has-contrast-color has-alpha-channel-opacity has-contrast-background-color has-background\"\/>\n\n\n\n<p><\/p>\n\n\n\n<p><strong>Introduction<\/strong> <em>\u2013<\/em> <em>Nicole Mencacci, Angela Barthes<\/em><\/p>\n\n\n\n<p><strong>L\u2019\u00e9valuation d\u2019un projet de tutorat entre \u00e9tudiants parfumeurs-aromaticiens et des lyc\u00e9es et coll\u00e9giens de Grasse<\/strong> <em>\u2013<\/em> <em>Mercedes Baugnies<\/em><\/p>\n\n\n\n<p><strong>L\u2019\u00e9ducation musicale \u00e0 l\u2019\u00e9preuve du vivre ensemble<\/strong> <em>\u2013<\/em> <em>Pascal Terrien, \u00c9ric Penso<\/em><\/p>\n\n\n\n<p><strong>L\u2019\u00e9ducation \u00e0 la posture r\u00e9flexive. Le cas des formateurs pilotes de l\u2019arm\u00e9e de l\u2019air et de l\u2019espace (AAE) <\/strong><em>\u2013 Benjamin Renaudeau, Vincent Ferari, Christine Poplimont<\/em><\/p>\n\n\n\n<p><strong>\u00c9valuation des valeurs et dispositions des acteurs impliqu\u00e9s dans un projet mobilisant l\u2019approche <em>One Health<\/em><\/strong> <em>\u2013<\/em> <em>Estelle Lefran\u00e7ois, Angela Barthes, Am\u00e9lie Binot, Jean-Marc Lange<\/em><\/p>\n\n\n\n<p><strong>Le Grand Oral, une opportunit\u00e9 d\u2019\u00e9valuation des \u00e9ducations \u00e0 la sant\u00e9 dans la s\u00e9rie des Sciences Technologiques de la Sant\u00e9 et du Social ?<\/strong><em> <\/em><em>\u2013 <\/em><em>Karine Dodet, Nicole Mencacci<\/em><\/p>\n\n\n\n<p><strong>\u00c9ducation \u00e0 et \u00e9valuation : comparaison d\u2019approches en arts et en sciences<\/strong> <em>\u2013Sabine Chatelain, Pia-Ingrid Hoznour, John Didier<\/em><\/p>\n\n\n\n<p><strong>Des \u00ab \u00e9ducations \u00e0 \u00bb aux probl\u00e8mes pernicieux : rep\u00e8res pour une \u00e9ducation au politique \u00e0 l&rsquo;\u00e9cole<\/strong> <em>\u2013<\/em> <em>C\u00e9line Chauvign\u00e9, Michel Fabre<\/em><\/p>\n\n\n\n<p><strong>Le rapport \u00e0 l\u2019\u00e9valuation dans trois situations d\u2019\u00ab \u00e9ducation \u00e0 \u00bb la conception<\/strong>. <em>Christophe Moineau, Sophie Farsy, \u00c9ric Tortochot<\/em><\/p>\n\n\n\n<p><strong>Enseigner (et \u00e9valuer) avec un objet p\u00e9dagogique territorialis\u00e9 pour apprendre les transitions et l\u2019agro\u00e9cologie. Pour une p\u00e9dagogie ancr\u00e9e mobilisant des \u00ab jeux authentiques \u00bb<\/strong> <em>\u2013<\/em> <em>Christian Peltier <\/em><\/p>\n\n\n\n<p><strong>La r\u00e9gulation didactique des pratiques vocales des \u00e9l\u00e8ves au coll\u00e8ge en \u00e9ducation musicale<\/strong> <em>\u2013<\/em> <em>Philippe Hentzen<\/em><\/p>\n\n\n\n<div style=\"height:100px\" aria-hidden=\"true\" class=\"wp-block-spacer\"><\/div>\n","protected":false},"excerpt":{"rendered":"<p>Quelle \u00e9valuation pour les \u00ab&nbsp;\u00e9ducations \u00e0&nbsp;\u00bb&nbsp;? Cadres, enjeux, pistes et limites Travail et apprentissages N\u00b026 Coordination : Nicole Mencacci et Angela Barthes \u00c9ditions Raison et Passions, 2023 Sommaire Introduction \u2013 Nicole Mencacci, Angela Barthes L\u2019\u00e9valuation d\u2019un projet de tutorat entre \u00e9tudiants parfumeurs-aromaticiens et des lyc\u00e9es et coll\u00e9giens de Grasse \u2013 Mercedes Baugnies L\u2019\u00e9ducation musicale \u00e0 [&hellip;]<\/p>\n","protected":false},"author":1,"featured_media":0,"parent":0,"menu_order":0,"comment_status":"closed","ping_status":"closed","template":"","meta":{"footnotes":""},"class_list":["post-142","page","type-page","status-publish","hentry"],"_links":{"self":[{"href":"https:\/\/travailetapprentissages.fr\/index.php?rest_route=\/wp\/v2\/pages\/142","targetHints":{"allow":["GET"]}}],"collection":[{"href":"https:\/\/travailetapprentissages.fr\/index.php?rest_route=\/wp\/v2\/pages"}],"about":[{"href":"https:\/\/travailetapprentissages.fr\/index.php?rest_route=\/wp\/v2\/types\/page"}],"author":[{"embeddable":true,"href":"https:\/\/travailetapprentissages.fr\/index.php?rest_route=\/wp\/v2\/users\/1"}],"replies":[{"embeddable":true,"href":"https:\/\/travailetapprentissages.fr\/index.php?rest_route=%2Fwp%2Fv2%2Fcomments&post=142"}],"version-history":[{"count":27,"href":"https:\/\/travailetapprentissages.fr\/index.php?rest_route=\/wp\/v2\/pages\/142\/revisions"}],"predecessor-version":[{"id":765,"href":"https:\/\/travailetapprentissages.fr\/index.php?rest_route=\/wp\/v2\/pages\/142\/revisions\/765"}],"wp:attachment":[{"href":"https:\/\/travailetapprentissages.fr\/index.php?rest_route=%2Fwp%2Fv2%2Fmedia&parent=142"}],"curies":[{"name":"wp","href":"https:\/\/api.w.org\/{rel}","templated":true}]}}