{"id":315,"date":"2024-08-09T10:54:24","date_gmt":"2024-08-09T08:54:24","guid":{"rendered":"https:\/\/travailetapprentissages.fr\/?page_id=315"},"modified":"2024-08-22T15:40:26","modified_gmt":"2024-08-22T13:40:26","slug":"numero-17","status":"publish","type":"page","link":"https:\/\/travailetapprentissages.fr\/?page_id=315","title":{"rendered":""},"content":{"rendered":"\n<div class=\"wp-block-columns alignwide is-layout-flex wp-container-core-columns-is-layout-28f84493 wp-block-columns-is-layout-flex\">\n<div class=\"wp-block-column is-layout-flow wp-block-column-is-layout-flow\" style=\"flex-basis:33.33%\">\n<figure class=\"wp-block-image alignright size-full is-resized\"><img loading=\"lazy\" decoding=\"async\" width=\"1733\" height=\"2560\" src=\"https:\/\/travailetapprentissages.fr\/wp-content\/uploads\/2024\/08\/17-001-2-scaled.jpg\" alt=\"\" class=\"wp-image-458\" style=\"width:250px;height:auto\" srcset=\"https:\/\/travailetapprentissages.fr\/wp-content\/uploads\/2024\/08\/17-001-2-scaled.jpg 1733w, https:\/\/travailetapprentissages.fr\/wp-content\/uploads\/2024\/08\/17-001-2-203x300.jpg 203w, https:\/\/travailetapprentissages.fr\/wp-content\/uploads\/2024\/08\/17-001-2-693x1024.jpg 693w, https:\/\/travailetapprentissages.fr\/wp-content\/uploads\/2024\/08\/17-001-2-768x1134.jpg 768w, https:\/\/travailetapprentissages.fr\/wp-content\/uploads\/2024\/08\/17-001-2-1040x1536.jpg 1040w, https:\/\/travailetapprentissages.fr\/wp-content\/uploads\/2024\/08\/17-001-2-1387x2048.jpg 1387w\" sizes=\"auto, (max-width: 1733px) 100vw, 1733px\" \/><\/figure>\n<\/div>\n\n\n\n<div class=\"wp-block-column is-layout-flow wp-block-column-is-layout-flow\" style=\"flex-basis:66.66%\">\n<h2 class=\"wp-block-heading\">Le formateur face \u00e0 l&rsquo;activit\u00e9 et son analyse : enjeux, \u00e9cueils et perspectives <\/h2>\n\n\n\n<p><strong>Travail et apprentissages N\u00b017<\/strong><\/p>\n\n\n\n<p>Coordination : Fr\u00e9d\u00e9ric Saussez<\/p>\n\n\n\n<p>\u00c9ditions Raison et Passions, 2016<\/p>\n\n\n\n<div class=\"wp-block-buttons is-layout-flex wp-block-buttons-is-layout-flex\">\n<div class=\"wp-block-button\"><a class=\"wp-block-button__link wp-element-button\" href=\"https:\/\/www.cairn.info\/revue-travail-et-apprentissages-2016-1.htm\">Acc\u00e9der au num\u00e9ro<\/a><\/div>\n<\/div>\n<\/div>\n<\/div>\n\n\n\n<div style=\"height:40px\" aria-hidden=\"true\" class=\"wp-block-spacer\"><\/div>\n\n\n\n<h2 class=\"wp-block-heading has-text-align-center\">Sommaire<\/h2>\n\n\n\n<hr class=\"wp-block-separator has-alpha-channel-opacity\"\/>\n\n\n\n<p><strong>Former les formateurs de l\u2019enseignement professionnel \u00e0 l\u2019analyse du travail en didactique professionnelle<\/strong> <em>\u2013<\/em> <em>Otilia Holgado, Patrick Mayen<\/em><\/p>\n\n\n\n<p><strong>Analyse de l\u2019activit\u00e9 de formateurs lors de l\u2019exploitation collective de vid\u00e9os dans un contexte de formation<\/strong> <strong>professionnelle<\/strong> <em>\u2013<\/em> <em>Serge Leblanc<\/em><\/p>\n\n\n\n<p><strong>Initier une enqu\u00eate collaborative orient\u00e9e activit\u00e9&nbsp;: travail du formateur et des form\u00e9s<\/strong> <em>\u2013<\/em> <em>Alain Muller &amp; Val\u00e9rie Lussi Borer (Universit\u00e9 de Gen\u00e8ve<\/em>)<\/p>\n\n\n\n<p><strong>L\u2019\u00ab&nbsp;\u00e9tonnement&nbsp;\u00bb comme g\u00e9n\u00e9rateur d\u2019apprentissages au travail et en formation<\/strong> <em>\u2013<\/em> <em>Joris Thievenaz<\/em><\/p>\n\n\n\n<p><strong>Le jeu de voix dans les verbalisations des enseignants d\u00e9butants sur leur travail : prise de conscience, r\u00e9flexion sur le m\u00e9tier et formation<\/strong> <em>\u2013<\/em> <em>Eliane Lousada<\/em><\/p>\n\n\n\n<p><strong>Apprentissage et d\u00e9veloppement en co-analyse de l\u2019activit\u00e9&nbsp;: une lecture critique de deux programmes de<\/strong> <strong>recherche \u00e0 l\u2019aide de la notion de Zone de D\u00e9veloppement le plus Proche<\/strong> <em>\u2013<\/em> <em>Fr\u00e9d\u00e9ric Saussez<\/em><\/p>\n\n\n\n<p><strong>Associer les formateurs \u00e0 la conception de ressources pour leur propre formation&nbsp;: faisabilit\u00e9 et effets de co-analyse sur le travail<\/strong><em> \u2013 J<\/em><em>ean-Claude Mouton, Simon Flandin<\/em><\/p>\n\n\n\n<p><strong>Une perspective d\u2019\u00e9ducation tout au long de la vie centr\u00e9e sur l\u2019activit\u00e9 humaine&nbsp;et positionn\u00e9e dans le courant<\/strong> <strong>des Humanit\u00e9s Num\u00e9riques<\/strong> <em>\u2013<\/em> <em>Poizat Germain, Gaillard Vincent, Durand Marc<\/em><\/p>\n\n\n\n<p><strong>Using Video to Work with Teachers to Notice and Respond to Student Thinking<\/strong> <em>\u2013<\/em> <em>Elizabeth A. van Es, Rossella Santagata<\/em><\/p>\n\n\n\n<p><strong>Les th\u00e9ories profess\u00e9es de superviseurs universitaires en lien avec l\u2019accompagnement et l\u2019\u00e9valuation de la<\/strong> <strong>comp\u00e9tence \u00e0 planifier chez les futurs enseignants<\/strong> <em>\u2013<\/em> <em>Anabelle Viau-Guay<\/em><\/p>\n\n\n\n<div style=\"height:100px\" aria-hidden=\"true\" class=\"wp-block-spacer\"><\/div>\n","protected":false},"excerpt":{"rendered":"<p>Le formateur face \u00e0 l&rsquo;activit\u00e9 et son analyse : enjeux, \u00e9cueils et perspectives Travail et apprentissages N\u00b017 Coordination : Fr\u00e9d\u00e9ric Saussez \u00c9ditions Raison et Passions, 2016 Sommaire Former les formateurs de l\u2019enseignement professionnel \u00e0 l\u2019analyse du travail en didactique professionnelle \u2013 Otilia Holgado, Patrick Mayen Analyse de l\u2019activit\u00e9 de formateurs lors de l\u2019exploitation collective de [&hellip;]<\/p>\n","protected":false},"author":1,"featured_media":0,"parent":0,"menu_order":0,"comment_status":"closed","ping_status":"closed","template":"","meta":{"footnotes":""},"class_list":["post-315","page","type-page","status-publish","hentry"],"_links":{"self":[{"href":"https:\/\/travailetapprentissages.fr\/index.php?rest_route=\/wp\/v2\/pages\/315","targetHints":{"allow":["GET"]}}],"collection":[{"href":"https:\/\/travailetapprentissages.fr\/index.php?rest_route=\/wp\/v2\/pages"}],"about":[{"href":"https:\/\/travailetapprentissages.fr\/index.php?rest_route=\/wp\/v2\/types\/page"}],"author":[{"embeddable":true,"href":"https:\/\/travailetapprentissages.fr\/index.php?rest_route=\/wp\/v2\/users\/1"}],"replies":[{"embeddable":true,"href":"https:\/\/travailetapprentissages.fr\/index.php?rest_route=%2Fwp%2Fv2%2Fcomments&post=315"}],"version-history":[{"count":9,"href":"https:\/\/travailetapprentissages.fr\/index.php?rest_route=\/wp\/v2\/pages\/315\/revisions"}],"predecessor-version":[{"id":774,"href":"https:\/\/travailetapprentissages.fr\/index.php?rest_route=\/wp\/v2\/pages\/315\/revisions\/774"}],"wp:attachment":[{"href":"https:\/\/travailetapprentissages.fr\/index.php?rest_route=%2Fwp%2Fv2%2Fmedia&parent=315"}],"curies":[{"name":"wp","href":"https:\/\/api.w.org\/{rel}","templated":true}]}}

<div class="wp-block-columns alignwide is-layout-flex wp-container-core-columns-is-layout-28f84493 wp-block-columns-is-layout-flex">
<div class="wp-block-column is-layout-flow wp-block-column-is-layout-flow" style="flex-basis:33.33%">
<figure class="wp-block-image alignright size-full is-resized"><img loading="lazy" decoding="async" width="1733" height="2560" src="https://travailetapprentissages.fr/wp-content/uploads/2024/08/17-001-2-scaled.jpg" alt="" class="wp-image-458" style="width:250px;height:auto" srcset="https://travailetapprentissages.fr/wp-content/uploads/2024/08/17-001-2-scaled.jpg 1733w, https://travailetapprentissages.fr/wp-content/uploads/2024/08/17-001-2-203x300.jpg 203w, https://travailetapprentissages.fr/wp-content/uploads/2024/08/17-001-2-693x1024.jpg 693w, https://travailetapprentissages.fr/wp-content/uploads/2024/08/17-001-2-768x1134.jpg 768w, https://travailetapprentissages.fr/wp-content/uploads/2024/08/17-001-2-1040x1536.jpg 1040w, https://travailetapprentissages.fr/wp-content/uploads/2024/08/17-001-2-1387x2048.jpg 1387w" sizes="auto, (max-width: 1733px) 100vw, 1733px" /></figure>
</div>



<div class="wp-block-column is-layout-flow wp-block-column-is-layout-flow" style="flex-basis:66.66%">
<h2 class="wp-block-heading">Le formateur face à l&rsquo;activité et son analyse : enjeux, écueils et perspectives </h2>



<p><strong>Travail et apprentissages N°17</strong></p>



<p>Coordination : Frédéric Saussez</p>



<p>Éditions Raison et Passions, 2016</p>



<div class="wp-block-buttons is-layout-flex wp-block-buttons-is-layout-flex">
<div class="wp-block-button"><a class="wp-block-button__link wp-element-button" href="https://www.cairn.info/revue-travail-et-apprentissages-2016-1.htm">Accéder au numéro</a></div>
</div>
</div>
</div>



<div style="height:40px" aria-hidden="true" class="wp-block-spacer"></div>



<h2 class="wp-block-heading has-text-align-center">Sommaire</h2>



<hr class="wp-block-separator has-alpha-channel-opacity"/>



<p><strong>Former les formateurs de l’enseignement professionnel à l’analyse du travail en didactique professionnelle</strong> <em>–</em> <em>Otilia Holgado, Patrick Mayen</em></p>



<p><strong>Analyse de l’activité de formateurs lors de l’exploitation collective de vidéos dans un contexte de formation</strong> <strong>professionnelle</strong> <em>–</em> <em>Serge Leblanc</em></p>



<p><strong>Initier une enquête collaborative orientée activité&nbsp;: travail du formateur et des formés</strong> <em>–</em> <em>Alain Muller &amp; Valérie Lussi Borer (Université de Genève</em>)</p>



<p><strong>L’«&nbsp;étonnement&nbsp;» comme générateur d’apprentissages au travail et en formation</strong> <em>–</em> <em>Joris Thievenaz</em></p>



<p><strong>Le jeu de voix dans les verbalisations des enseignants débutants sur leur travail : prise de conscience, réflexion sur le métier et formation</strong> <em>–</em> <em>Eliane Lousada</em></p>



<p><strong>Apprentissage et développement en co-analyse de l’activité&nbsp;: une lecture critique de deux programmes de</strong> <strong>recherche à l’aide de la notion de Zone de Développement le plus Proche</strong> <em>–</em> <em>Frédéric Saussez</em></p>



<p><strong>Associer les formateurs à la conception de ressources pour leur propre formation&nbsp;: faisabilité et effets de co-analyse sur le travail</strong><em> – J</em><em>ean-Claude Mouton, Simon Flandin</em></p>



<p><strong>Une perspective d’éducation tout au long de la vie centrée sur l’activité humaine&nbsp;et positionnée dans le courant</strong> <strong>des Humanités Numériques</strong> <em>–</em> <em>Poizat Germain, Gaillard Vincent, Durand Marc</em></p>



<p><strong>Using Video to Work with Teachers to Notice and Respond to Student Thinking</strong> <em>–</em> <em>Elizabeth A. van Es, Rossella Santagata</em></p>



<p><strong>Les théories professées de superviseurs universitaires en lien avec l’accompagnement et l’évaluation de la</strong> <strong>compétence à planifier chez les futurs enseignants</strong> <em>–</em> <em>Anabelle Viau-Guay</em></p>



<div style="height:100px" aria-hidden="true" class="wp-block-spacer"></div>

<p>Le formateur face à l&rsquo;activité et son analyse : enjeux, écueils et perspectives Travail et apprentissages N°17 Coordination : Frédéric Saussez Éditions Raison et Passions, 2016 Sommaire Former les formateurs de l’enseignement professionnel à l’analyse du travail en didactique professionnelle – Otilia Holgado, Patrick Mayen Analyse de l’activité de formateurs lors de l’exploitation collective de [&hellip;]</p>
