{"id":318,"date":"2024-08-09T11:03:29","date_gmt":"2024-08-09T09:03:29","guid":{"rendered":"https:\/\/travailetapprentissages.fr\/?page_id=318"},"modified":"2024-08-22T15:41:05","modified_gmt":"2024-08-22T13:41:05","slug":"numero-16","status":"publish","type":"page","link":"https:\/\/travailetapprentissages.fr\/?page_id=318","title":{"rendered":""},"content":{"rendered":"\n<div class=\"wp-block-columns alignwide is-layout-flex wp-container-core-columns-is-layout-28f84493 wp-block-columns-is-layout-flex\">\n<div class=\"wp-block-column is-layout-flow wp-block-column-is-layout-flow\" style=\"flex-basis:33.33%\">\n<figure class=\"wp-block-image alignright size-full is-resized\"><img loading=\"lazy\" decoding=\"async\" width=\"1755\" height=\"2560\" src=\"https:\/\/travailetapprentissages.fr\/wp-content\/uploads\/2024\/08\/16-001-2-scaled.jpg\" alt=\"\" class=\"wp-image-457\" style=\"width:254px;height:auto\" srcset=\"https:\/\/travailetapprentissages.fr\/wp-content\/uploads\/2024\/08\/16-001-2-scaled.jpg 1755w, https:\/\/travailetapprentissages.fr\/wp-content\/uploads\/2024\/08\/16-001-2-206x300.jpg 206w, https:\/\/travailetapprentissages.fr\/wp-content\/uploads\/2024\/08\/16-001-2-702x1024.jpg 702w, https:\/\/travailetapprentissages.fr\/wp-content\/uploads\/2024\/08\/16-001-2-768x1120.jpg 768w, https:\/\/travailetapprentissages.fr\/wp-content\/uploads\/2024\/08\/16-001-2-1053x1536.jpg 1053w, https:\/\/travailetapprentissages.fr\/wp-content\/uploads\/2024\/08\/16-001-2-1404x2048.jpg 1404w\" sizes=\"auto, (max-width: 1755px) 100vw, 1755px\" \/><\/figure>\n<\/div>\n\n\n\n<div class=\"wp-block-column is-layout-flow wp-block-column-is-layout-flow\" style=\"flex-basis:66.66%\">\n<h2 class=\"wp-block-heading\">Travail, \u00e9ducation et mouvements sociaux au Br\u00e9sil <\/h2>\n\n\n\n<p><strong>Travail et apprentissages N\u00b016<\/strong><\/p>\n\n\n\n<p>Coordination : Daisy Cunha<\/p>\n\n\n\n<p>\u00c9ditions Raison et Passions, 2015<\/p>\n\n\n\n<div class=\"wp-block-buttons is-layout-flex wp-block-buttons-is-layout-flex\">\n<div class=\"wp-block-button\"><a class=\"wp-block-button__link wp-element-button\" href=\"https:\/\/www.cairn.info\/revue-travail-et-apprentissages-2015-2.htm\">Acc\u00e9der au num\u00e9ro<\/a><\/div>\n<\/div>\n<\/div>\n<\/div>\n\n\n\n<div style=\"height:40px\" aria-hidden=\"true\" class=\"wp-block-spacer\"><\/div>\n\n\n\n<h2 class=\"wp-block-heading has-text-align-center\">Sommaire<\/h2>\n\n\n\n<hr class=\"wp-block-separator has-alpha-channel-opacity\"\/>\n\n\n\n<p><strong>Pr\u00e9sentation du dossier<\/strong> <em>\u2013<\/em> <em>Daisy Cunha<\/em><\/p>\n\n\n\n<p><strong>Pr\u00e9face<\/strong> <em>\u2013<\/em> <em>Patrick Mayen<\/em><\/p>\n\n\n\n<p><strong>La formation des \u00e9ducateurs en milieu rural selon la perspective de la P\u00e9dagogie de l\u2019Alternance<\/strong> <em>\u2013<\/em> <em>Maria de F\u00e1tima Almeida Martins, Maria de Isabel Antunes-Rocha, Penha Souza Silva<\/em><\/p>\n\n\n\n<p><strong><em>\u00ab&nbsp;J&rsquo;appr\u00e9cie, mais j&rsquo;aimerais appr\u00e9cier davantage&nbsp;\u00bb<\/em> : l\u00b4exp\u00e9rience d\u00b4un programme CERTIFIC du point de vue des<\/strong> <strong>travailleurs<\/strong> <em>\u2013<\/em> <em>Olgamir Francisco de Carvalho, Mari\u00e2ngela de Araujo, Sinara Nunes Guedes, Caetana Juracy Rezende Silva<\/em><\/p>\n\n\n\n<p><strong>Qualit\u00e9 des impr\u00e9vus en situation et pratique \u00e9ducative d\u00e9mocratique<\/strong> <em>\u2013<\/em> <em>Wanilde Auarek, Daisy Cunha<\/em><\/p>\n\n\n\n<p><strong>\u00c9conomie informationnelle et \u00e9largissement de la formation scolaire des travailleurs : \u00e9tude de cas de dix<\/strong> <strong>entreprises br\u00e9siliennes<\/strong> <em>\u2013<\/em> <em>Moacir Fernando Viegas<\/em><\/p>\n\n\n\n<p><strong>Formation humaine et \u00e9ducation professionnelle&nbsp;: dialogues possibles<\/strong> <em>\u2013<\/em> <em>Maria Clara Bueno Fischer, Naira Lisboa Franzoi<\/em><\/p>\n\n\n\n<p><strong>La culture du travail, l\u2019autogestion et la formation de travailleurs associ\u00e9s \u00e0 la production&nbsp;: des questions de<\/strong> <strong>recherche<\/strong> <em>\u2013<\/em> <em>Lia Tiriba<\/em><\/p>\n\n\n\n<p><strong>Une proposition th\u00e9orique et m\u00e9thodologique pour l\u2019\u00e9tude des savoirs professionnels<\/strong> <em>\u2013<\/em> <em>Marise Ramos, Telmo Caria<\/em><\/p>\n\n\n\n<div style=\"height:100px\" aria-hidden=\"true\" class=\"wp-block-spacer\"><\/div>\n","protected":false},"excerpt":{"rendered":"<p>Travail, \u00e9ducation et mouvements sociaux au Br\u00e9sil Travail et apprentissages N\u00b016 Coordination : Daisy Cunha \u00c9ditions Raison et Passions, 2015 Sommaire Pr\u00e9sentation du dossier \u2013 Daisy Cunha Pr\u00e9face \u2013 Patrick Mayen La formation des \u00e9ducateurs en milieu rural selon la perspective de la P\u00e9dagogie de l\u2019Alternance \u2013 Maria de F\u00e1tima Almeida Martins, Maria de Isabel [&hellip;]<\/p>\n","protected":false},"author":1,"featured_media":0,"parent":0,"menu_order":0,"comment_status":"closed","ping_status":"closed","template":"","meta":{"footnotes":""},"class_list":["post-318","page","type-page","status-publish","hentry"],"_links":{"self":[{"href":"https:\/\/travailetapprentissages.fr\/index.php?rest_route=\/wp\/v2\/pages\/318","targetHints":{"allow":["GET"]}}],"collection":[{"href":"https:\/\/travailetapprentissages.fr\/index.php?rest_route=\/wp\/v2\/pages"}],"about":[{"href":"https:\/\/travailetapprentissages.fr\/index.php?rest_route=\/wp\/v2\/types\/page"}],"author":[{"embeddable":true,"href":"https:\/\/travailetapprentissages.fr\/index.php?rest_route=\/wp\/v2\/users\/1"}],"replies":[{"embeddable":true,"href":"https:\/\/travailetapprentissages.fr\/index.php?rest_route=%2Fwp%2Fv2%2Fcomments&post=318"}],"version-history":[{"count":6,"href":"https:\/\/travailetapprentissages.fr\/index.php?rest_route=\/wp\/v2\/pages\/318\/revisions"}],"predecessor-version":[{"id":775,"href":"https:\/\/travailetapprentissages.fr\/index.php?rest_route=\/wp\/v2\/pages\/318\/revisions\/775"}],"wp:attachment":[{"href":"https:\/\/travailetapprentissages.fr\/index.php?rest_route=%2Fwp%2Fv2%2Fmedia&parent=318"}],"curies":[{"name":"wp","href":"https:\/\/api.w.org\/{rel}","templated":true}]}}

<div class="wp-block-columns alignwide is-layout-flex wp-container-core-columns-is-layout-28f84493 wp-block-columns-is-layout-flex">
<div class="wp-block-column is-layout-flow wp-block-column-is-layout-flow" style="flex-basis:33.33%">
<figure class="wp-block-image alignright size-full is-resized"><img loading="lazy" decoding="async" width="1755" height="2560" src="https://travailetapprentissages.fr/wp-content/uploads/2024/08/16-001-2-scaled.jpg" alt="" class="wp-image-457" style="width:254px;height:auto" srcset="https://travailetapprentissages.fr/wp-content/uploads/2024/08/16-001-2-scaled.jpg 1755w, https://travailetapprentissages.fr/wp-content/uploads/2024/08/16-001-2-206x300.jpg 206w, https://travailetapprentissages.fr/wp-content/uploads/2024/08/16-001-2-702x1024.jpg 702w, https://travailetapprentissages.fr/wp-content/uploads/2024/08/16-001-2-768x1120.jpg 768w, https://travailetapprentissages.fr/wp-content/uploads/2024/08/16-001-2-1053x1536.jpg 1053w, https://travailetapprentissages.fr/wp-content/uploads/2024/08/16-001-2-1404x2048.jpg 1404w" sizes="auto, (max-width: 1755px) 100vw, 1755px" /></figure>
</div>



<div class="wp-block-column is-layout-flow wp-block-column-is-layout-flow" style="flex-basis:66.66%">
<h2 class="wp-block-heading">Travail, éducation et mouvements sociaux au Brésil </h2>



<p><strong>Travail et apprentissages N°16</strong></p>



<p>Coordination : Daisy Cunha</p>



<p>Éditions Raison et Passions, 2015</p>



<div class="wp-block-buttons is-layout-flex wp-block-buttons-is-layout-flex">
<div class="wp-block-button"><a class="wp-block-button__link wp-element-button" href="https://www.cairn.info/revue-travail-et-apprentissages-2015-2.htm">Accéder au numéro</a></div>
</div>
</div>
</div>



<div style="height:40px" aria-hidden="true" class="wp-block-spacer"></div>



<h2 class="wp-block-heading has-text-align-center">Sommaire</h2>



<hr class="wp-block-separator has-alpha-channel-opacity"/>



<p><strong>Présentation du dossier</strong> <em>–</em> <em>Daisy Cunha</em></p>



<p><strong>Préface</strong> <em>–</em> <em>Patrick Mayen</em></p>



<p><strong>La formation des éducateurs en milieu rural selon la perspective de la Pédagogie de l’Alternance</strong> <em>–</em> <em>Maria de Fátima Almeida Martins, Maria de Isabel Antunes-Rocha, Penha Souza Silva</em></p>



<p><strong><em>«&nbsp;J&rsquo;apprécie, mais j&rsquo;aimerais apprécier davantage&nbsp;»</em> : l´expérience d´un programme CERTIFIC du point de vue des</strong> <strong>travailleurs</strong> <em>–</em> <em>Olgamir Francisco de Carvalho, Mariângela de Araujo, Sinara Nunes Guedes, Caetana Juracy Rezende Silva</em></p>



<p><strong>Qualité des imprévus en situation et pratique éducative démocratique</strong> <em>–</em> <em>Wanilde Auarek, Daisy Cunha</em></p>



<p><strong>Économie informationnelle et élargissement de la formation scolaire des travailleurs : étude de cas de dix</strong> <strong>entreprises brésiliennes</strong> <em>–</em> <em>Moacir Fernando Viegas</em></p>



<p><strong>Formation humaine et éducation professionnelle&nbsp;: dialogues possibles</strong> <em>–</em> <em>Maria Clara Bueno Fischer, Naira Lisboa Franzoi</em></p>



<p><strong>La culture du travail, l’autogestion et la formation de travailleurs associés à la production&nbsp;: des questions de</strong> <strong>recherche</strong> <em>–</em> <em>Lia Tiriba</em></p>



<p><strong>Une proposition théorique et méthodologique pour l’étude des savoirs professionnels</strong> <em>–</em> <em>Marise Ramos, Telmo Caria</em></p>



<div style="height:100px" aria-hidden="true" class="wp-block-spacer"></div>

<p>Travail, éducation et mouvements sociaux au Brésil Travail et apprentissages N°16 Coordination : Daisy Cunha Éditions Raison et Passions, 2015 Sommaire Présentation du dossier – Daisy Cunha Préface – Patrick Mayen La formation des éducateurs en milieu rural selon la perspective de la Pédagogie de l’Alternance – Maria de Fátima Almeida Martins, Maria de Isabel [&hellip;]</p>
