{"id":322,"date":"2024-08-09T11:07:46","date_gmt":"2024-08-09T09:07:46","guid":{"rendered":"https:\/\/travailetapprentissages.fr\/?page_id=322"},"modified":"2024-08-22T15:41:38","modified_gmt":"2024-08-22T13:41:38","slug":"numero-15","status":"publish","type":"page","link":"https:\/\/travailetapprentissages.fr\/?page_id=322","title":{"rendered":""},"content":{"rendered":"\n<div class=\"wp-block-columns alignwide is-layout-flex wp-container-core-columns-is-layout-28f84493 wp-block-columns-is-layout-flex\">\n<div class=\"wp-block-column is-layout-flow wp-block-column-is-layout-flow\" style=\"flex-basis:33.33%\">\n<figure class=\"wp-block-image alignright size-full is-resized\"><img loading=\"lazy\" decoding=\"async\" width=\"1777\" height=\"2560\" src=\"https:\/\/travailetapprentissages.fr\/wp-content\/uploads\/2024\/08\/15-001-2-scaled.jpg\" alt=\"\" class=\"wp-image-456\" style=\"width:258px;height:auto\" srcset=\"https:\/\/travailetapprentissages.fr\/wp-content\/uploads\/2024\/08\/15-001-2-scaled.jpg 1777w, https:\/\/travailetapprentissages.fr\/wp-content\/uploads\/2024\/08\/15-001-2-208x300.jpg 208w, https:\/\/travailetapprentissages.fr\/wp-content\/uploads\/2024\/08\/15-001-2-711x1024.jpg 711w, https:\/\/travailetapprentissages.fr\/wp-content\/uploads\/2024\/08\/15-001-2-768x1107.jpg 768w, https:\/\/travailetapprentissages.fr\/wp-content\/uploads\/2024\/08\/15-001-2-1066x1536.jpg 1066w, https:\/\/travailetapprentissages.fr\/wp-content\/uploads\/2024\/08\/15-001-2-1421x2048.jpg 1421w\" sizes=\"auto, (max-width: 1777px) 100vw, 1777px\" \/><\/figure>\n<\/div>\n\n\n\n<div class=\"wp-block-column is-layout-flow wp-block-column-is-layout-flow\" style=\"flex-basis:66.66%\">\n<h2 class=\"wp-block-heading\">Varia <\/h2>\n\n\n\n<p><strong>Travail et apprentissages N\u00b015<\/strong><\/p>\n\n\n\n<p>\u00c9ditions Raison et Passions, 2015<\/p>\n\n\n\n<div class=\"wp-block-buttons is-layout-flex wp-block-buttons-is-layout-flex\">\n<div class=\"wp-block-button\"><a class=\"wp-block-button__link wp-element-button\" href=\"https:\/\/www.cairn.info\/revue-travail-et-apprentissages-2015-1.htm\">Acc\u00e9der au num\u00e9ro<\/a><\/div>\n<\/div>\n<\/div>\n<\/div>\n\n\n\n<div style=\"height:40px\" aria-hidden=\"true\" class=\"wp-block-spacer\"><\/div>\n\n\n\n<h2 class=\"wp-block-heading has-text-align-center\">Sommaire<\/h2>\n\n\n\n<hr class=\"wp-block-separator has-alpha-channel-opacity\"\/>\n\n\n\n<p><strong>L\u2019autoconfrontation&nbsp;: un outil de gouvernance r\u00e9flexive d\u2019un apprentissage organisationnel de la collaboration interprofessionnelle dans les soins<\/strong> <em>\u2013<\/em> <em>Gr\u00e9gory Aiguier, Alexandre Oboeuf<\/em><\/p>\n\n\n\n<p><strong>Se professionnaliser dans une logique de comp\u00e9tences&nbsp;: le cas des \u00e9tudiants infirmiers<\/strong> <em>\u2013<\/em> <em>Marine Do<\/em><\/p>\n\n\n\n<p><strong>Comprendre la strat\u00e9gie palpatoire des apprentis palpeurs masseurs-kin\u00e9sith\u00e9rapeutes&nbsp;: vers un dispositif<\/strong> <strong>p\u00e9dagogique performant<\/strong> <em>\u2013<\/em> <em>Arnaud Choplin<\/em><\/p>\n\n\n\n<p><strong>La r\u00e9gulation de l\u2019action des enseignants<\/strong> <em>\u2013<\/em> <em>Roland Goigoux, J\u00e9r\u00f4me Riou, Guillaume Serres<\/em><\/p>\n\n\n\n<p><strong>Soutenir les apprentis dans l\u2019explicitation de leurs strat\u00e9gies d\u2019apprentissage<\/strong> <em>\u2013<\/em> <em>Nadine Kipfer, Ursula Scharnhorst<\/em><\/p>\n\n\n\n<p><strong>Professionnalisations \u00e0 l\u2019ing\u00e9nierie de la formation \u00e0 distance. Comparer formation par le travail et formation au travail<\/strong> <em>\u2013<\/em> <em>Olivier Marty<\/em><\/p>\n\n\n\n<div style=\"height:100px\" aria-hidden=\"true\" class=\"wp-block-spacer\"><\/div>\n","protected":false},"excerpt":{"rendered":"<p>Varia Travail et apprentissages N\u00b015 \u00c9ditions Raison et Passions, 2015 Sommaire L\u2019autoconfrontation&nbsp;: un outil de gouvernance r\u00e9flexive d\u2019un apprentissage organisationnel de la collaboration interprofessionnelle dans les soins \u2013 Gr\u00e9gory Aiguier, Alexandre Oboeuf Se professionnaliser dans une logique de comp\u00e9tences&nbsp;: le cas des \u00e9tudiants infirmiers \u2013 Marine Do Comprendre la strat\u00e9gie palpatoire des apprentis palpeurs masseurs-kin\u00e9sith\u00e9rapeutes&nbsp;: [&hellip;]<\/p>\n","protected":false},"author":1,"featured_media":0,"parent":0,"menu_order":0,"comment_status":"closed","ping_status":"closed","template":"","meta":{"footnotes":""},"class_list":["post-322","page","type-page","status-publish","hentry"],"_links":{"self":[{"href":"https:\/\/travailetapprentissages.fr\/index.php?rest_route=\/wp\/v2\/pages\/322","targetHints":{"allow":["GET"]}}],"collection":[{"href":"https:\/\/travailetapprentissages.fr\/index.php?rest_route=\/wp\/v2\/pages"}],"about":[{"href":"https:\/\/travailetapprentissages.fr\/index.php?rest_route=\/wp\/v2\/types\/page"}],"author":[{"embeddable":true,"href":"https:\/\/travailetapprentissages.fr\/index.php?rest_route=\/wp\/v2\/users\/1"}],"replies":[{"embeddable":true,"href":"https:\/\/travailetapprentissages.fr\/index.php?rest_route=%2Fwp%2Fv2%2Fcomments&post=322"}],"version-history":[{"count":6,"href":"https:\/\/travailetapprentissages.fr\/index.php?rest_route=\/wp\/v2\/pages\/322\/revisions"}],"predecessor-version":[{"id":776,"href":"https:\/\/travailetapprentissages.fr\/index.php?rest_route=\/wp\/v2\/pages\/322\/revisions\/776"}],"wp:attachment":[{"href":"https:\/\/travailetapprentissages.fr\/index.php?rest_route=%2Fwp%2Fv2%2Fmedia&parent=322"}],"curies":[{"name":"wp","href":"https:\/\/api.w.org\/{rel}","templated":true}]}}

<div class="wp-block-columns alignwide is-layout-flex wp-container-core-columns-is-layout-28f84493 wp-block-columns-is-layout-flex">
<div class="wp-block-column is-layout-flow wp-block-column-is-layout-flow" style="flex-basis:33.33%">
<figure class="wp-block-image alignright size-full is-resized"><img loading="lazy" decoding="async" width="1777" height="2560" src="https://travailetapprentissages.fr/wp-content/uploads/2024/08/15-001-2-scaled.jpg" alt="" class="wp-image-456" style="width:258px;height:auto" srcset="https://travailetapprentissages.fr/wp-content/uploads/2024/08/15-001-2-scaled.jpg 1777w, https://travailetapprentissages.fr/wp-content/uploads/2024/08/15-001-2-208x300.jpg 208w, https://travailetapprentissages.fr/wp-content/uploads/2024/08/15-001-2-711x1024.jpg 711w, https://travailetapprentissages.fr/wp-content/uploads/2024/08/15-001-2-768x1107.jpg 768w, https://travailetapprentissages.fr/wp-content/uploads/2024/08/15-001-2-1066x1536.jpg 1066w, https://travailetapprentissages.fr/wp-content/uploads/2024/08/15-001-2-1421x2048.jpg 1421w" sizes="auto, (max-width: 1777px) 100vw, 1777px" /></figure>
</div>



<div class="wp-block-column is-layout-flow wp-block-column-is-layout-flow" style="flex-basis:66.66%">
<h2 class="wp-block-heading">Varia </h2>



<p><strong>Travail et apprentissages N°15</strong></p>



<p>Éditions Raison et Passions, 2015</p>



<div class="wp-block-buttons is-layout-flex wp-block-buttons-is-layout-flex">
<div class="wp-block-button"><a class="wp-block-button__link wp-element-button" href="https://www.cairn.info/revue-travail-et-apprentissages-2015-1.htm">Accéder au numéro</a></div>
</div>
</div>
</div>



<div style="height:40px" aria-hidden="true" class="wp-block-spacer"></div>



<h2 class="wp-block-heading has-text-align-center">Sommaire</h2>



<hr class="wp-block-separator has-alpha-channel-opacity"/>



<p><strong>L’autoconfrontation&nbsp;: un outil de gouvernance réflexive d’un apprentissage organisationnel de la collaboration interprofessionnelle dans les soins</strong> <em>–</em> <em>Grégory Aiguier, Alexandre Oboeuf</em></p>



<p><strong>Se professionnaliser dans une logique de compétences&nbsp;: le cas des étudiants infirmiers</strong> <em>–</em> <em>Marine Do</em></p>



<p><strong>Comprendre la stratégie palpatoire des apprentis palpeurs masseurs-kinésithérapeutes&nbsp;: vers un dispositif</strong> <strong>pédagogique performant</strong> <em>–</em> <em>Arnaud Choplin</em></p>



<p><strong>La régulation de l’action des enseignants</strong> <em>–</em> <em>Roland Goigoux, Jérôme Riou, Guillaume Serres</em></p>



<p><strong>Soutenir les apprentis dans l’explicitation de leurs stratégies d’apprentissage</strong> <em>–</em> <em>Nadine Kipfer, Ursula Scharnhorst</em></p>



<p><strong>Professionnalisations à l’ingénierie de la formation à distance. Comparer formation par le travail et formation au travail</strong> <em>–</em> <em>Olivier Marty</em></p>



<div style="height:100px" aria-hidden="true" class="wp-block-spacer"></div>

<p>Varia Travail et apprentissages N°15 Éditions Raison et Passions, 2015 Sommaire L’autoconfrontation&nbsp;: un outil de gouvernance réflexive d’un apprentissage organisationnel de la collaboration interprofessionnelle dans les soins – Grégory Aiguier, Alexandre Oboeuf Se professionnaliser dans une logique de compétences&nbsp;: le cas des étudiants infirmiers – Marine Do Comprendre la stratégie palpatoire des apprentis palpeurs masseurs-kinésithérapeutes&nbsp;: [&hellip;]</p>
