{"id":381,"date":"2024-08-09T11:50:56","date_gmt":"2024-08-09T09:50:56","guid":{"rendered":"https:\/\/travailetapprentissages.fr\/?page_id=381"},"modified":"2024-08-22T15:43:40","modified_gmt":"2024-08-22T13:43:40","slug":"381-2","status":"publish","type":"page","link":"https:\/\/travailetapprentissages.fr\/?page_id=381","title":{"rendered":""},"content":{"rendered":"\n<div class=\"wp-block-columns alignwide is-layout-flex wp-container-core-columns-is-layout-28f84493 wp-block-columns-is-layout-flex\">\n<div class=\"wp-block-column is-layout-flow wp-block-column-is-layout-flow\" style=\"flex-basis:33.33%\">\n<figure class=\"wp-block-image alignright size-full is-resized\"><img loading=\"lazy\" decoding=\"async\" width=\"1745\" height=\"2560\" src=\"https:\/\/travailetapprentissages.fr\/wp-content\/uploads\/2024\/08\/12-001-2-1-scaled.jpg\" alt=\"\" class=\"wp-image-473\" style=\"width:251px;height:auto\" srcset=\"https:\/\/travailetapprentissages.fr\/wp-content\/uploads\/2024\/08\/12-001-2-1-scaled.jpg 1745w, https:\/\/travailetapprentissages.fr\/wp-content\/uploads\/2024\/08\/12-001-2-1-204x300.jpg 204w, https:\/\/travailetapprentissages.fr\/wp-content\/uploads\/2024\/08\/12-001-2-1-698x1024.jpg 698w, https:\/\/travailetapprentissages.fr\/wp-content\/uploads\/2024\/08\/12-001-2-1-768x1127.jpg 768w, https:\/\/travailetapprentissages.fr\/wp-content\/uploads\/2024\/08\/12-001-2-1-1047x1536.jpg 1047w, https:\/\/travailetapprentissages.fr\/wp-content\/uploads\/2024\/08\/12-001-2-1-1396x2048.jpg 1396w\" sizes=\"auto, (max-width: 1745px) 100vw, 1745px\" \/><\/figure>\n<\/div>\n\n\n\n<div class=\"wp-block-column is-layout-flow wp-block-column-is-layout-flow\" style=\"flex-basis:66.66%\">\n<h2 class=\"wp-block-heading\">Exp\u00e9rience, apprentissage et processus d&rsquo;\u00e9mancipation<\/h2>\n\n\n\n<p><strong>Travail et apprentissages N\u00b012<\/strong><\/p>\n\n\n\n<p>Coordination : J\u00e9r\u00f4me Gu\u00e9rin<\/p>\n\n\n\n<p>\u00c9ditions Raison et Passions, 2013<\/p>\n\n\n\n<div class=\"wp-block-buttons is-layout-flex wp-block-buttons-is-layout-flex\">\n<div class=\"wp-block-button\"><a class=\"wp-block-button__link wp-element-button\" href=\"https:\/\/www.cairn.info\/revue-travail-et-apprentissages-2013-2.htm\">Acc\u00e9der au num\u00e9ro<\/a><\/div>\n<\/div>\n<\/div>\n<\/div>\n\n\n\n<div style=\"height:40px\" aria-hidden=\"true\" class=\"wp-block-spacer\"><\/div>\n\n\n\n<h2 class=\"wp-block-heading has-text-align-center\">Sommaire<\/h2>\n\n\n\n<hr class=\"wp-block-separator has-alpha-channel-opacity\"\/>\n\n\n\n<p><strong>Formateurs professionnels et \u00e9mancipation par la formation&nbsp;: entre pressions sur le travail et r\u00e9f\u00e9rence aux<\/strong> <strong>m\u00e9tiers<\/strong> <em>\u2013<\/em> <em>Paul<\/em> <em>Olry <\/em><\/p>\n\n\n\n<p><strong>Exp\u00e9rience, trajectoire d\u2019apprentissage et processus d\u2019\u00e9mancipation dans un dispositif de formation par la<\/strong> <strong>pratique th\u00e9\u00e2trale<\/strong> <em>\u2013<\/em> <em>Catherine<\/em> <em>Archieri <\/em><\/p>\n\n\n\n<p><strong>Construction de l\u2019exp\u00e9rience et \u00e9mancipation d&rsquo;enseignants novices d&rsquo;\u00e9ducation physique et sportive<\/strong> <em>\u2013<\/em> <em>J\u00e9r\u00f4me<\/em> <em>Gu\u00e9rin <\/em><\/p>\n\n\n\n<p><strong>La construction identitaire des enseignants d\u00e9butants et l\u2019\u00e9mancipation par rapport \u00e0 la prescription<\/strong> <em>\u2013<\/em> <em>Jacques M\u00e9ard, Philippe Zimmerman<\/em><\/p>\n\n\n\n<p><strong>Entre ali\u00e9nation et \u00e9mancipation&nbsp;: les figures du sujet de l\u2019exp\u00e9rience<\/strong> <em>\u2013<\/em> <em>\u00c9tienne<\/em> <em>Bourgeois <\/em><\/p>\n\n\n\n<p><strong>L\u2019analyse de l\u2019activit\u00e9 en sciences de l\u2019\u00e9ducation&nbsp;: entre aspirations scientifiques et exigences pragmatiques<\/strong> <em>\u2013<\/em> <em>Brigitte<\/em> <em>Albero <\/em><\/p>\n\n\n\n<div style=\"height:100px\" aria-hidden=\"true\" class=\"wp-block-spacer\"><\/div>\n","protected":false},"excerpt":{"rendered":"<p>Exp\u00e9rience, apprentissage et processus d&rsquo;\u00e9mancipation Travail et apprentissages N\u00b012 Coordination : J\u00e9r\u00f4me Gu\u00e9rin \u00c9ditions Raison et Passions, 2013 Sommaire Formateurs professionnels et \u00e9mancipation par la formation&nbsp;: entre pressions sur le travail et r\u00e9f\u00e9rence aux m\u00e9tiers \u2013 Paul Olry Exp\u00e9rience, trajectoire d\u2019apprentissage et processus d\u2019\u00e9mancipation dans un dispositif de formation par la pratique th\u00e9\u00e2trale \u2013 Catherine [&hellip;]<\/p>\n","protected":false},"author":1,"featured_media":0,"parent":0,"menu_order":0,"comment_status":"closed","ping_status":"closed","template":"","meta":{"footnotes":""},"class_list":["post-381","page","type-page","status-publish","hentry"],"_links":{"self":[{"href":"https:\/\/travailetapprentissages.fr\/index.php?rest_route=\/wp\/v2\/pages\/381","targetHints":{"allow":["GET"]}}],"collection":[{"href":"https:\/\/travailetapprentissages.fr\/index.php?rest_route=\/wp\/v2\/pages"}],"about":[{"href":"https:\/\/travailetapprentissages.fr\/index.php?rest_route=\/wp\/v2\/types\/page"}],"author":[{"embeddable":true,"href":"https:\/\/travailetapprentissages.fr\/index.php?rest_route=\/wp\/v2\/users\/1"}],"replies":[{"embeddable":true,"href":"https:\/\/travailetapprentissages.fr\/index.php?rest_route=%2Fwp%2Fv2%2Fcomments&post=381"}],"version-history":[{"count":8,"href":"https:\/\/travailetapprentissages.fr\/index.php?rest_route=\/wp\/v2\/pages\/381\/revisions"}],"predecessor-version":[{"id":779,"href":"https:\/\/travailetapprentissages.fr\/index.php?rest_route=\/wp\/v2\/pages\/381\/revisions\/779"}],"wp:attachment":[{"href":"https:\/\/travailetapprentissages.fr\/index.php?rest_route=%2Fwp%2Fv2%2Fmedia&parent=381"}],"curies":[{"name":"wp","href":"https:\/\/api.w.org\/{rel}","templated":true}]}}

<div class="wp-block-columns alignwide is-layout-flex wp-container-core-columns-is-layout-28f84493 wp-block-columns-is-layout-flex">
<div class="wp-block-column is-layout-flow wp-block-column-is-layout-flow" style="flex-basis:33.33%">
<figure class="wp-block-image alignright size-full is-resized"><img loading="lazy" decoding="async" width="1745" height="2560" src="https://travailetapprentissages.fr/wp-content/uploads/2024/08/12-001-2-1-scaled.jpg" alt="" class="wp-image-473" style="width:251px;height:auto" srcset="https://travailetapprentissages.fr/wp-content/uploads/2024/08/12-001-2-1-scaled.jpg 1745w, https://travailetapprentissages.fr/wp-content/uploads/2024/08/12-001-2-1-204x300.jpg 204w, https://travailetapprentissages.fr/wp-content/uploads/2024/08/12-001-2-1-698x1024.jpg 698w, https://travailetapprentissages.fr/wp-content/uploads/2024/08/12-001-2-1-768x1127.jpg 768w, https://travailetapprentissages.fr/wp-content/uploads/2024/08/12-001-2-1-1047x1536.jpg 1047w, https://travailetapprentissages.fr/wp-content/uploads/2024/08/12-001-2-1-1396x2048.jpg 1396w" sizes="auto, (max-width: 1745px) 100vw, 1745px" /></figure>
</div>



<div class="wp-block-column is-layout-flow wp-block-column-is-layout-flow" style="flex-basis:66.66%">
<h2 class="wp-block-heading">Expérience, apprentissage et processus d&rsquo;émancipation</h2>



<p><strong>Travail et apprentissages N°12</strong></p>



<p>Coordination : Jérôme Guérin</p>



<p>Éditions Raison et Passions, 2013</p>



<div class="wp-block-buttons is-layout-flex wp-block-buttons-is-layout-flex">
<div class="wp-block-button"><a class="wp-block-button__link wp-element-button" href="https://www.cairn.info/revue-travail-et-apprentissages-2013-2.htm">Accéder au numéro</a></div>
</div>
</div>
</div>



<div style="height:40px" aria-hidden="true" class="wp-block-spacer"></div>



<h2 class="wp-block-heading has-text-align-center">Sommaire</h2>



<hr class="wp-block-separator has-alpha-channel-opacity"/>



<p><strong>Formateurs professionnels et émancipation par la formation&nbsp;: entre pressions sur le travail et référence aux</strong> <strong>métiers</strong> <em>–</em> <em>Paul</em> <em>Olry </em></p>



<p><strong>Expérience, trajectoire d’apprentissage et processus d’émancipation dans un dispositif de formation par la</strong> <strong>pratique théâtrale</strong> <em>–</em> <em>Catherine</em> <em>Archieri </em></p>



<p><strong>Construction de l’expérience et émancipation d&rsquo;enseignants novices d&rsquo;éducation physique et sportive</strong> <em>–</em> <em>Jérôme</em> <em>Guérin </em></p>



<p><strong>La construction identitaire des enseignants débutants et l’émancipation par rapport à la prescription</strong> <em>–</em> <em>Jacques Méard, Philippe Zimmerman</em></p>



<p><strong>Entre aliénation et émancipation&nbsp;: les figures du sujet de l’expérience</strong> <em>–</em> <em>Étienne</em> <em>Bourgeois </em></p>



<p><strong>L’analyse de l’activité en sciences de l’éducation&nbsp;: entre aspirations scientifiques et exigences pragmatiques</strong> <em>–</em> <em>Brigitte</em> <em>Albero </em></p>



<div style="height:100px" aria-hidden="true" class="wp-block-spacer"></div>

<p>Expérience, apprentissage et processus d&rsquo;émancipation Travail et apprentissages N°12 Coordination : Jérôme Guérin Éditions Raison et Passions, 2013 Sommaire Formateurs professionnels et émancipation par la formation&nbsp;: entre pressions sur le travail et référence aux métiers – Paul Olry Expérience, trajectoire d’apprentissage et processus d’émancipation dans un dispositif de formation par la pratique théâtrale – Catherine [&hellip;]</p>
