{"id":406,"date":"2024-08-09T12:59:18","date_gmt":"2024-08-09T10:59:18","guid":{"rendered":"https:\/\/travailetapprentissages.fr\/?page_id=406"},"modified":"2024-08-22T15:47:13","modified_gmt":"2024-08-22T13:47:13","slug":"406-2","status":"publish","type":"page","link":"https:\/\/travailetapprentissages.fr\/?page_id=406","title":{"rendered":""},"content":{"rendered":"\n<div class=\"wp-block-columns alignwide is-layout-flex wp-container-core-columns-is-layout-28f84493 wp-block-columns-is-layout-flex\">\n<div class=\"wp-block-column is-layout-flow wp-block-column-is-layout-flow\" style=\"flex-basis:33.33%\">\n<figure class=\"wp-block-image alignright size-full is-resized\"><img loading=\"lazy\" decoding=\"async\" width=\"1722\" height=\"2560\" src=\"https:\/\/travailetapprentissages.fr\/wp-content\/uploads\/2024\/08\/couv-N0-7-scaled.jpg\" alt=\"\" class=\"wp-image-466\" style=\"width:248px;height:auto\" srcset=\"https:\/\/travailetapprentissages.fr\/wp-content\/uploads\/2024\/08\/couv-N0-7-scaled.jpg 1722w, https:\/\/travailetapprentissages.fr\/wp-content\/uploads\/2024\/08\/couv-N0-7-202x300.jpg 202w, https:\/\/travailetapprentissages.fr\/wp-content\/uploads\/2024\/08\/couv-N0-7-689x1024.jpg 689w, https:\/\/travailetapprentissages.fr\/wp-content\/uploads\/2024\/08\/couv-N0-7-768x1142.jpg 768w, https:\/\/travailetapprentissages.fr\/wp-content\/uploads\/2024\/08\/couv-N0-7-1033x1536.jpg 1033w, https:\/\/travailetapprentissages.fr\/wp-content\/uploads\/2024\/08\/couv-N0-7-1378x2048.jpg 1378w\" sizes=\"auto, (max-width: 1722px) 100vw, 1722px\" \/><\/figure>\n<\/div>\n\n\n\n<div class=\"wp-block-column is-layout-flow wp-block-column-is-layout-flow\" style=\"flex-basis:66.66%\">\n<h2 class=\"wp-block-heading\">Activit\u00e9, Exp\u00e9rience, Incorporation <\/h2>\n\n\n\n<p><strong>Travail et apprentissages N\u00b07<\/strong><\/p>\n\n\n\n<p>Coordination : Michel Recop\u00e9<\/p>\n\n\n\n<p>\u00c9ditions Raison et Passions, 2011<\/p>\n\n\n\n<div class=\"wp-block-buttons is-layout-flex wp-block-buttons-is-layout-flex\">\n<div class=\"wp-block-button\"><a class=\"wp-block-button__link wp-element-button\" href=\"https:\/\/www.cairn.info\/revue-travail-et-apprentissages-2011-1.htm\">Acc\u00e9der au num\u00e9ro<\/a><\/div>\n<\/div>\n<\/div>\n<\/div>\n\n\n\n<div style=\"height:40px\" aria-hidden=\"true\" class=\"wp-block-spacer\"><\/div>\n\n\n\n<h2 class=\"wp-block-heading has-text-align-center\">Sommaire<\/h2>\n\n\n\n<hr class=\"wp-block-separator has-alpha-channel-opacity\"\/>\n\n\n\n<p><strong>Sensibilit\u00e9, conceptualisation et totalit\u00e9&nbsp;[activit\u00e9-exp\u00e9rience-corps-monde]<\/strong> <em>\u2013 Michel R\u00e9cop\u00e9, H\u00e9l\u00e8ne Fache, Jacques Fiard<\/em><\/p>\n\n\n\n<p><strong>Exp\u00e9rience et science s\u2019opposent-elles&nbsp;?<\/strong> <em>\u2013 G\u00e9rard Vergnaud<\/em><\/p>\n\n\n\n<p><strong>Exp\u00e9riences et construction d\u2019invariants&nbsp;: connaissances op\u00e9rationnelles, sch\u00e8mes d\u2019action et \u00ab&nbsp;qualit\u00e9s&nbsp;\u00bb<\/strong> <em>\u2013 Janine Rogalski<\/em><\/p>\n\n\n\n<p><strong>L\u2019intervention ergonomique pour la pr\u00e9vention des troubles musculosquelettiques&nbsp;: quels statuts pour l\u2019exp\u00e9rience et la subjectivit\u00e9 des travailleurs&nbsp;?<\/strong> <em>\u2013 Fabien Coutarel, Fran\u00e7ois Daniellou<\/em><\/p>\n\n\n\n<p><strong>Incorporation, parcimonie et \u00e9l\u00e9gance de l\u2019exp\u00e9rience au travail : vers une simplexification des formations professionnelles<\/strong> <em>\u2013 Marc Durand, Deli Salini<\/em>&nbsp;<\/p>\n\n\n\n<p><strong>Imagination et invention technique&nbsp;: l\u2019activit\u00e9 corps et \u00e2me<\/strong> <em>\u2013 Annie Goudeaux&nbsp;<\/em><\/p>\n\n\n\n<p><strong>Le dedans et le dehors. Une exploration de la dynamique pr\u00e9-r\u00e9fl\u00e9chie de l&rsquo;exp\u00e9rience corporelle<\/strong> <em>\u2013 Claire Petitmengin<\/em><\/p>\n\n\n\n<p><strong>L\u2019immersion du geste dans l\u2019exp\u00e9rience \u00e9mergente de son activit\u00e9 c\u00e9r\u00e9brale<\/strong> <em>\u2013Bernard Andrieu<\/em><\/p>\n\n\n\n<p><strong>Sujet capable et conceptualisation<\/strong> <em>\u2013 Pierre Pastr\u00e9<\/em><\/p>\n\n\n\n<p><strong>Pourquoi le concept de corps-soi&nbsp;? Corps-soi, activit\u00e9, exp\u00e9rience<\/strong> <em>\u2013 Yves Schwartz<\/em><\/p>\n\n\n\n<div style=\"height:100px\" aria-hidden=\"true\" class=\"wp-block-spacer\"><\/div>\n","protected":false},"excerpt":{"rendered":"<p>Activit\u00e9, Exp\u00e9rience, Incorporation Travail et apprentissages N\u00b07 Coordination : Michel Recop\u00e9 \u00c9ditions Raison et Passions, 2011 Sommaire Sensibilit\u00e9, conceptualisation et totalit\u00e9&nbsp;[activit\u00e9-exp\u00e9rience-corps-monde] \u2013 Michel R\u00e9cop\u00e9, H\u00e9l\u00e8ne Fache, Jacques Fiard Exp\u00e9rience et science s\u2019opposent-elles&nbsp;? \u2013 G\u00e9rard Vergnaud Exp\u00e9riences et construction d\u2019invariants&nbsp;: connaissances op\u00e9rationnelles, sch\u00e8mes d\u2019action et \u00ab&nbsp;qualit\u00e9s&nbsp;\u00bb \u2013 Janine Rogalski L\u2019intervention ergonomique pour la pr\u00e9vention des troubles [&hellip;]<\/p>\n","protected":false},"author":1,"featured_media":0,"parent":0,"menu_order":0,"comment_status":"closed","ping_status":"closed","template":"","meta":{"footnotes":""},"class_list":["post-406","page","type-page","status-publish","hentry"],"_links":{"self":[{"href":"https:\/\/travailetapprentissages.fr\/index.php?rest_route=\/wp\/v2\/pages\/406","targetHints":{"allow":["GET"]}}],"collection":[{"href":"https:\/\/travailetapprentissages.fr\/index.php?rest_route=\/wp\/v2\/pages"}],"about":[{"href":"https:\/\/travailetapprentissages.fr\/index.php?rest_route=\/wp\/v2\/types\/page"}],"author":[{"embeddable":true,"href":"https:\/\/travailetapprentissages.fr\/index.php?rest_route=\/wp\/v2\/users\/1"}],"replies":[{"embeddable":true,"href":"https:\/\/travailetapprentissages.fr\/index.php?rest_route=%2Fwp%2Fv2%2Fcomments&post=406"}],"version-history":[{"count":6,"href":"https:\/\/travailetapprentissages.fr\/index.php?rest_route=\/wp\/v2\/pages\/406\/revisions"}],"predecessor-version":[{"id":784,"href":"https:\/\/travailetapprentissages.fr\/index.php?rest_route=\/wp\/v2\/pages\/406\/revisions\/784"}],"wp:attachment":[{"href":"https:\/\/travailetapprentissages.fr\/index.php?rest_route=%2Fwp%2Fv2%2Fmedia&parent=406"}],"curies":[{"name":"wp","href":"https:\/\/api.w.org\/{rel}","templated":true}]}}

<div class="wp-block-columns alignwide is-layout-flex wp-container-core-columns-is-layout-28f84493 wp-block-columns-is-layout-flex">
<div class="wp-block-column is-layout-flow wp-block-column-is-layout-flow" style="flex-basis:33.33%">
<figure class="wp-block-image alignright size-full is-resized"><img loading="lazy" decoding="async" width="1722" height="2560" src="https://travailetapprentissages.fr/wp-content/uploads/2024/08/couv-N0-7-scaled.jpg" alt="" class="wp-image-466" style="width:248px;height:auto" srcset="https://travailetapprentissages.fr/wp-content/uploads/2024/08/couv-N0-7-scaled.jpg 1722w, https://travailetapprentissages.fr/wp-content/uploads/2024/08/couv-N0-7-202x300.jpg 202w, https://travailetapprentissages.fr/wp-content/uploads/2024/08/couv-N0-7-689x1024.jpg 689w, https://travailetapprentissages.fr/wp-content/uploads/2024/08/couv-N0-7-768x1142.jpg 768w, https://travailetapprentissages.fr/wp-content/uploads/2024/08/couv-N0-7-1033x1536.jpg 1033w, https://travailetapprentissages.fr/wp-content/uploads/2024/08/couv-N0-7-1378x2048.jpg 1378w" sizes="auto, (max-width: 1722px) 100vw, 1722px" /></figure>
</div>



<div class="wp-block-column is-layout-flow wp-block-column-is-layout-flow" style="flex-basis:66.66%">
<h2 class="wp-block-heading">Activité, Expérience, Incorporation </h2>



<p><strong>Travail et apprentissages N°7</strong></p>



<p>Coordination : Michel Recopé</p>



<p>Éditions Raison et Passions, 2011</p>



<div class="wp-block-buttons is-layout-flex wp-block-buttons-is-layout-flex">
<div class="wp-block-button"><a class="wp-block-button__link wp-element-button" href="https://www.cairn.info/revue-travail-et-apprentissages-2011-1.htm">Accéder au numéro</a></div>
</div>
</div>
</div>



<div style="height:40px" aria-hidden="true" class="wp-block-spacer"></div>



<h2 class="wp-block-heading has-text-align-center">Sommaire</h2>



<hr class="wp-block-separator has-alpha-channel-opacity"/>



<p><strong>Sensibilité, conceptualisation et totalité&nbsp;[activité-expérience-corps-monde]</strong> <em>– Michel Récopé, Hélène Fache, Jacques Fiard</em></p>



<p><strong>Expérience et science s’opposent-elles&nbsp;?</strong> <em>– Gérard Vergnaud</em></p>



<p><strong>Expériences et construction d’invariants&nbsp;: connaissances opérationnelles, schèmes d’action et «&nbsp;qualités&nbsp;»</strong> <em>– Janine Rogalski</em></p>



<p><strong>L’intervention ergonomique pour la prévention des troubles musculosquelettiques&nbsp;: quels statuts pour l’expérience et la subjectivité des travailleurs&nbsp;?</strong> <em>– Fabien Coutarel, François Daniellou</em></p>



<p><strong>Incorporation, parcimonie et élégance de l’expérience au travail : vers une simplexification des formations professionnelles</strong> <em>– Marc Durand, Deli Salini</em>&nbsp;</p>



<p><strong>Imagination et invention technique&nbsp;: l’activité corps et âme</strong> <em>– Annie Goudeaux&nbsp;</em></p>



<p><strong>Le dedans et le dehors. Une exploration de la dynamique pré-réfléchie de l&rsquo;expérience corporelle</strong> <em>– Claire Petitmengin</em></p>



<p><strong>L’immersion du geste dans l’expérience émergente de son activité cérébrale</strong> <em>–Bernard Andrieu</em></p>



<p><strong>Sujet capable et conceptualisation</strong> <em>– Pierre Pastré</em></p>



<p><strong>Pourquoi le concept de corps-soi&nbsp;? Corps-soi, activité, expérience</strong> <em>– Yves Schwartz</em></p>



<div style="height:100px" aria-hidden="true" class="wp-block-spacer"></div>

<p>Activité, Expérience, Incorporation Travail et apprentissages N°7 Coordination : Michel Recopé Éditions Raison et Passions, 2011 Sommaire Sensibilité, conceptualisation et totalité&nbsp;[activité-expérience-corps-monde] – Michel Récopé, Hélène Fache, Jacques Fiard Expérience et science s’opposent-elles&nbsp;? – Gérard Vergnaud Expériences et construction d’invariants&nbsp;: connaissances opérationnelles, schèmes d’action et «&nbsp;qualités&nbsp;» – Janine Rogalski L’intervention ergonomique pour la prévention des troubles [&hellip;]</p>
