{"id":410,"date":"2024-08-09T13:11:30","date_gmt":"2024-08-09T11:11:30","guid":{"rendered":"https:\/\/travailetapprentissages.fr\/?page_id=410"},"modified":"2024-08-22T15:47:58","modified_gmt":"2024-08-22T13:47:58","slug":"410-2","status":"publish","type":"page","link":"https:\/\/travailetapprentissages.fr\/?page_id=410","title":{"rendered":""},"content":{"rendered":"\n<div class=\"wp-block-columns alignwide is-layout-flex wp-container-core-columns-is-layout-28f84493 wp-block-columns-is-layout-flex\">\n<div class=\"wp-block-column is-layout-flow wp-block-column-is-layout-flow\" style=\"flex-basis:33.33%\">\n<figure class=\"wp-block-image alignright size-full is-resized\"><img loading=\"lazy\" decoding=\"async\" width=\"1740\" height=\"2560\" src=\"https:\/\/travailetapprentissages.fr\/wp-content\/uploads\/2024\/08\/6-001-2-scaled.jpg\" alt=\"\" class=\"wp-image-448\" style=\"width:251px;height:auto\" srcset=\"https:\/\/travailetapprentissages.fr\/wp-content\/uploads\/2024\/08\/6-001-2-scaled.jpg 1740w, https:\/\/travailetapprentissages.fr\/wp-content\/uploads\/2024\/08\/6-001-2-204x300.jpg 204w, https:\/\/travailetapprentissages.fr\/wp-content\/uploads\/2024\/08\/6-001-2-696x1024.jpg 696w, https:\/\/travailetapprentissages.fr\/wp-content\/uploads\/2024\/08\/6-001-2-768x1130.jpg 768w, https:\/\/travailetapprentissages.fr\/wp-content\/uploads\/2024\/08\/6-001-2-1044x1536.jpg 1044w, https:\/\/travailetapprentissages.fr\/wp-content\/uploads\/2024\/08\/6-001-2-1392x2048.jpg 1392w\" sizes=\"auto, (max-width: 1740px) 100vw, 1740px\" \/><\/figure>\n<\/div>\n\n\n\n<div class=\"wp-block-column is-layout-flow wp-block-column-is-layout-flow\" style=\"flex-basis:66.66%\">\n<h2 class=\"wp-block-heading\">Exp\u00e9rience, apprentissages et formation <\/h2>\n\n\n\n<p><strong>Travail et apprentissages N\u00b06<\/strong><\/p>\n\n\n\n<p>\u00c9ditions Raison et Passions, 2010<\/p>\n\n\n\n<div class=\"wp-block-buttons is-layout-flex wp-block-buttons-is-layout-flex\">\n<div class=\"wp-block-button\"><a class=\"wp-block-button__link wp-element-button\" href=\"https:\/\/www.cairn.info\/revue-travail-et-apprentissages-2010-2.htm\">Acc\u00e9der au num\u00e9ro<\/a><\/div>\n<\/div>\n<\/div>\n<\/div>\n\n\n\n<div style=\"height:40px\" aria-hidden=\"true\" class=\"wp-block-spacer\"><\/div>\n\n\n\n<h2 class=\"wp-block-heading has-text-align-center\">Sommaire<\/h2>\n\n\n\n<hr class=\"wp-block-separator has-alpha-channel-opacity\"\/>\n\n\n\n<p><strong>Quel sujet pour quelle exp\u00e9rience&nbsp;?<\/strong>&nbsp;<em>\u2013 Yves Schwartz<\/em><\/p>\n\n\n\n<p><strong>L\u2019activit\u00e9 humaine, \u00e0 la fois intellectuelle et vitale<\/strong>. <strong><em>Les \u00e9clairages compl\u00e9mentaires de Pierre Pastr\u00e9 et d\u2019Yves Schwartz<\/em><\/strong> <em>\u2013 Durrive Louis<\/em><\/p>\n\n\n\n<p><strong>Quel sujet pour quelle exp\u00e9rience&nbsp;: un point de vue de didactique professionnelle&nbsp;?<\/strong> <em>\u2013 Pierre Pastr\u00e9<\/em><\/p>\n\n\n\n<p><strong>Une \u00e9thologie ph\u00e9nom\u00e9nologique&nbsp;de l\u2019activit\u00e9 et de l\u2019exp\u00e9rience des volleyeurs en situation<\/strong> <em>\u2013 H\u00e9l\u00e8ne Fache, Michel R\u00e9cop\u00e9, Marie-Joseph Biache<\/em><\/p>\n\n\n\n<p><strong>Transmission de l\u2019exp\u00e9rience en chirurgie orthop\u00e9dique percutan\u00e9e<\/strong> <em>\u2013 Lucile Vadcard, Michel Dubois, J\u00e9r\u00f4me Tonetti<\/em><\/p>\n\n\n\n<p><strong>Analyse de l\u2019exp\u00e9rience des \u00e9tudiants et des enseignants lors d\u2019une<br>\u00e9preuve professionnelle de Master et r\u00e9tro-ing\u00e9nierie de formation<\/strong> <em>\u2013 Alain Jean, Richard \u00c9tienne<\/em><\/p>\n\n\n\n<p><strong>L\u2019intelligibilit\u00e9 vuln\u00e9rable et ouverte des activit\u00e9s \u00e9ducatives&nbsp;: recherche dans un centre de jour genevois pour adolescents<\/strong> <em>\u2013 Janette Friedrich, Sylvie Mezzena, Laurence Seferdjeli, Kim Stroumza<\/em><\/p>\n\n\n\n<p><strong>Construire l\u2019exp\u00e9rience en ressource pour l\u2019action&nbsp;: une intervention didactique aupr\u00e8s de conseillers agricoles<\/strong> <strong>face au changement de paradigme en agriculture<\/strong> <em>\u2013 Marianne Cerf, Marie-No\u00eblle Guillot, Paul Olry<\/em><\/p>\n\n\n\n<p><strong>D\u00e9veloppement de l&rsquo;exp\u00e9rience et d\u00e9veloppement des concepts : de l&rsquo;activit\u00e9 syndicale \u00e0 la production d&rsquo;un<\/strong> <strong>r\u00e9f\u00e9rentiel d&rsquo;activit\u00e9<\/strong><em> \u2013 Jean-Luc Tom\u00e1s, Bernard Prot<\/em><\/p>\n\n\n\n<p><strong>De l\u2019exp\u00e9rience \u00e0 l\u2019acte&nbsp;:&nbsp;la formalisation de savoirs in\u00e9dits en clinique des pratiques <\/strong><em>\u2013 <\/em><em>Evelyne Simondi<\/em><\/p>\n\n\n\n<p><strong>Mobilisation et construction de l\u2019exp\u00e9rience dans un mod\u00e8le de la comp\u00e9tence<\/strong> <em>\u2013 Jean-Claude Coulet<\/em><\/p>\n\n\n\n<p><strong>L\u2019entreprise comme espace de d\u00e9veloppement des comp\u00e9tences&nbsp;: mise en place d\u2019un dispositif de validation collective des acquis dans un centre de tri postal<\/strong> <em>\u2013 Sandrine Cortesis<\/em><\/p>\n\n\n\n<p><strong>Reconnaissance, validation et certification des comp\u00e9tences des adultes peu scolaris\u00e9s au Portugal<\/strong> <em>\u2013 Carmen Cavaco<\/em><\/p>\n\n\n\n<p><strong>M\u00e9thodes, mod\u00e8les et paradoxes pour la mesure des acquis exp\u00e9rientiels<\/strong> <em>\u2013 Edm\u00e9e Ollagnier<\/em><\/p>\n\n\n\n<p><strong>Activit\u00e9 collective et formes typiques d\u2019interactions sociales. <em>Etude de cas en enseignement \u00e0 caract\u00e8re professionnel<\/em> <\/strong><em>\u2013 J\u00e9r\u00f4me Gu\u00e9rin, Jacky P\u00e9oc\u2019h, Marie-Fran\u00e7oise Guillaume, Andr\u00e9 Zeitler<\/em><\/p>\n\n\n\n<div style=\"height:100px\" aria-hidden=\"true\" class=\"wp-block-spacer\"><\/div>\n","protected":false},"excerpt":{"rendered":"<p>Exp\u00e9rience, apprentissages et formation Travail et apprentissages N\u00b06 \u00c9ditions Raison et Passions, 2010 Sommaire Quel sujet pour quelle exp\u00e9rience&nbsp;?&nbsp;\u2013 Yves Schwartz L\u2019activit\u00e9 humaine, \u00e0 la fois intellectuelle et vitale. Les \u00e9clairages compl\u00e9mentaires de Pierre Pastr\u00e9 et d\u2019Yves Schwartz \u2013 Durrive Louis Quel sujet pour quelle exp\u00e9rience&nbsp;: un point de vue de didactique professionnelle&nbsp;? \u2013 Pierre [&hellip;]<\/p>\n","protected":false},"author":1,"featured_media":0,"parent":0,"menu_order":0,"comment_status":"closed","ping_status":"closed","template":"","meta":{"footnotes":""},"class_list":["post-410","page","type-page","status-publish","hentry"],"_links":{"self":[{"href":"https:\/\/travailetapprentissages.fr\/index.php?rest_route=\/wp\/v2\/pages\/410","targetHints":{"allow":["GET"]}}],"collection":[{"href":"https:\/\/travailetapprentissages.fr\/index.php?rest_route=\/wp\/v2\/pages"}],"about":[{"href":"https:\/\/travailetapprentissages.fr\/index.php?rest_route=\/wp\/v2\/types\/page"}],"author":[{"embeddable":true,"href":"https:\/\/travailetapprentissages.fr\/index.php?rest_route=\/wp\/v2\/users\/1"}],"replies":[{"embeddable":true,"href":"https:\/\/travailetapprentissages.fr\/index.php?rest_route=%2Fwp%2Fv2%2Fcomments&post=410"}],"version-history":[{"count":6,"href":"https:\/\/travailetapprentissages.fr\/index.php?rest_route=\/wp\/v2\/pages\/410\/revisions"}],"predecessor-version":[{"id":785,"href":"https:\/\/travailetapprentissages.fr\/index.php?rest_route=\/wp\/v2\/pages\/410\/revisions\/785"}],"wp:attachment":[{"href":"https:\/\/travailetapprentissages.fr\/index.php?rest_route=%2Fwp%2Fv2%2Fmedia&parent=410"}],"curies":[{"name":"wp","href":"https:\/\/api.w.org\/{rel}","templated":true}]}}

<div class="wp-block-columns alignwide is-layout-flex wp-container-core-columns-is-layout-28f84493 wp-block-columns-is-layout-flex">
<div class="wp-block-column is-layout-flow wp-block-column-is-layout-flow" style="flex-basis:33.33%">
<figure class="wp-block-image alignright size-full is-resized"><img loading="lazy" decoding="async" width="1740" height="2560" src="https://travailetapprentissages.fr/wp-content/uploads/2024/08/6-001-2-scaled.jpg" alt="" class="wp-image-448" style="width:251px;height:auto" srcset="https://travailetapprentissages.fr/wp-content/uploads/2024/08/6-001-2-scaled.jpg 1740w, https://travailetapprentissages.fr/wp-content/uploads/2024/08/6-001-2-204x300.jpg 204w, https://travailetapprentissages.fr/wp-content/uploads/2024/08/6-001-2-696x1024.jpg 696w, https://travailetapprentissages.fr/wp-content/uploads/2024/08/6-001-2-768x1130.jpg 768w, https://travailetapprentissages.fr/wp-content/uploads/2024/08/6-001-2-1044x1536.jpg 1044w, https://travailetapprentissages.fr/wp-content/uploads/2024/08/6-001-2-1392x2048.jpg 1392w" sizes="auto, (max-width: 1740px) 100vw, 1740px" /></figure>
</div>



<div class="wp-block-column is-layout-flow wp-block-column-is-layout-flow" style="flex-basis:66.66%">
<h2 class="wp-block-heading">Expérience, apprentissages et formation </h2>



<p><strong>Travail et apprentissages N°6</strong></p>



<p>Éditions Raison et Passions, 2010</p>



<div class="wp-block-buttons is-layout-flex wp-block-buttons-is-layout-flex">
<div class="wp-block-button"><a class="wp-block-button__link wp-element-button" href="https://www.cairn.info/revue-travail-et-apprentissages-2010-2.htm">Accéder au numéro</a></div>
</div>
</div>
</div>



<div style="height:40px" aria-hidden="true" class="wp-block-spacer"></div>



<h2 class="wp-block-heading has-text-align-center">Sommaire</h2>



<hr class="wp-block-separator has-alpha-channel-opacity"/>



<p><strong>Quel sujet pour quelle expérience&nbsp;?</strong>&nbsp;<em>– Yves Schwartz</em></p>



<p><strong>L’activité humaine, à la fois intellectuelle et vitale</strong>. <strong><em>Les éclairages complémentaires de Pierre Pastré et d’Yves Schwartz</em></strong> <em>– Durrive Louis</em></p>



<p><strong>Quel sujet pour quelle expérience&nbsp;: un point de vue de didactique professionnelle&nbsp;?</strong> <em>– Pierre Pastré</em></p>



<p><strong>Une éthologie phénoménologique&nbsp;de l’activité et de l’expérience des volleyeurs en situation</strong> <em>– Hélène Fache, Michel Récopé, Marie-Joseph Biache</em></p>



<p><strong>Transmission de l’expérience en chirurgie orthopédique percutanée</strong> <em>– Lucile Vadcard, Michel Dubois, Jérôme Tonetti</em></p>



<p><strong>Analyse de l’expérience des étudiants et des enseignants lors d’une<br>épreuve professionnelle de Master et rétro-ingénierie de formation</strong> <em>– Alain Jean, Richard Étienne</em></p>



<p><strong>L’intelligibilité vulnérable et ouverte des activités éducatives&nbsp;: recherche dans un centre de jour genevois pour adolescents</strong> <em>– Janette Friedrich, Sylvie Mezzena, Laurence Seferdjeli, Kim Stroumza</em></p>



<p><strong>Construire l’expérience en ressource pour l’action&nbsp;: une intervention didactique auprès de conseillers agricoles</strong> <strong>face au changement de paradigme en agriculture</strong> <em>– Marianne Cerf, Marie-Noëlle Guillot, Paul Olry</em></p>



<p><strong>Développement de l&rsquo;expérience et développement des concepts : de l&rsquo;activité syndicale à la production d&rsquo;un</strong> <strong>référentiel d&rsquo;activité</strong><em> – Jean-Luc Tomás, Bernard Prot</em></p>



<p><strong>De l’expérience à l’acte&nbsp;:&nbsp;la formalisation de savoirs inédits en clinique des pratiques </strong><em>– </em><em>Evelyne Simondi</em></p>



<p><strong>Mobilisation et construction de l’expérience dans un modèle de la compétence</strong> <em>– Jean-Claude Coulet</em></p>



<p><strong>L’entreprise comme espace de développement des compétences&nbsp;: mise en place d’un dispositif de validation collective des acquis dans un centre de tri postal</strong> <em>– Sandrine Cortesis</em></p>



<p><strong>Reconnaissance, validation et certification des compétences des adultes peu scolarisés au Portugal</strong> <em>– Carmen Cavaco</em></p>



<p><strong>Méthodes, modèles et paradoxes pour la mesure des acquis expérientiels</strong> <em>– Edmée Ollagnier</em></p>



<p><strong>Activité collective et formes typiques d’interactions sociales. <em>Etude de cas en enseignement à caractère professionnel</em> </strong><em>– Jérôme Guérin, Jacky Péoc’h, Marie-Françoise Guillaume, André Zeitler</em></p>



<div style="height:100px" aria-hidden="true" class="wp-block-spacer"></div>

<p>Expérience, apprentissages et formation Travail et apprentissages N°6 Éditions Raison et Passions, 2010 Sommaire Quel sujet pour quelle expérience&nbsp;?&nbsp;– Yves Schwartz L’activité humaine, à la fois intellectuelle et vitale. Les éclairages complémentaires de Pierre Pastré et d’Yves Schwartz – Durrive Louis Quel sujet pour quelle expérience&nbsp;: un point de vue de didactique professionnelle&nbsp;? – Pierre [&hellip;]</p>
