{"id":43,"date":"2024-08-07T15:16:07","date_gmt":"2024-08-07T13:16:07","guid":{"rendered":"https:\/\/travailetapprentissages.fr\/?page_id=43"},"modified":"2026-02-22T15:37:01","modified_gmt":"2026-02-22T14:37:01","slug":"numeris-a-paraitre","status":"publish","type":"page","link":"https:\/\/travailetapprentissages.fr\/?page_id=43","title":{"rendered":"Num\u00e9ros \u00e0 para\u00eetre"},"content":{"rendered":"\n<div style=\"height:50px\" aria-hidden=\"true\" class=\"wp-block-spacer\"><\/div>\n\n\n\n<div class=\"wp-block-columns alignwide is-layout-flex wp-container-core-columns-is-layout-87beb0d0 wp-block-columns-is-layout-flex\">\n<div class=\"wp-block-column is-layout-flow wp-block-column-is-layout-flow\">\n<p class=\"has-medium-font-size\">Num\u00e9ro 30 (Mars 2026) : <strong>Analyser les interactions et les activit\u00e9s collectives : une ressource pour la formation ?<\/strong> (Coordonn\u00e9 par D. Tr\u00e9bert, I. Vinatier, M.Y. Merri) <\/p>\n\n\n\n<p>Num\u00e9ro 31 (Sept. 2026) : <strong>Faire de la didactique professionnelle au service de la formation des professionnels des m\u00e9tiers de l\u2019\u00e9ducation : les d\u00e9fis des interactions et des ajustements<\/strong> (Coordonn\u00e9 par E. Saillot et L. Filliettaz)<\/p>\n\n\n\n<div style=\"height:100px\" aria-hidden=\"true\" class=\"wp-block-spacer\"><\/div>\n\n\n\n<p class=\"has-text-align-center wp-container-content-9cfa9a5a\" style=\"font-size:0px\">La revue accueillera dans ses pages tout article qui apportera des \u00e9l\u00e9ments visant la compr\u00e9hension de ces processus, quel que soit le champ professionnel concern\u00e9 (des activit\u00e9s artisanales au pilotage d\u2019ensembles industriels complexes, de la gestion de syst\u00e8mes dynamiques \u00e0 celle des relations humaines, de la relation de service au travail enseignant\u2026), et sans exclusive de r\u00e9f\u00e9rences th\u00e9oriques, de m\u00e9thodes d\u2019investigation et d\u2019analyses&nbsp;: psychologie, ergonomie, didactiques, linguistique, sciences de l\u2019\u00e9ducation et de la formation, sociologie, anthropologie, gestion&nbsp;\u2026, dont les recherches qui s\u2019int\u00e9ressent \u00e0 l\u2019analyse de l&rsquo;activit\u00e9 au travail et en formation dans une perspective de formation ou de d\u00e9veloppement des comp\u00e9tences. Elle accepte des articles de diff\u00e9rentes formes sous r\u00e9serve qu\u2019ils soient coh\u00e9rents avec la pr\u00e9sente ligne \u00e9ditoriale&nbsp;:<\/p>\n<\/div>\n<\/div>\n\n\n\n<p><\/p>\n","protected":false},"excerpt":{"rendered":"<p>Num\u00e9ro 30 (Mars 2026) : Analyser les interactions et les activit\u00e9s collectives : une ressource pour la formation ? (Coordonn\u00e9 par D. Tr\u00e9bert, I. Vinatier, M.Y. Merri) Num\u00e9ro 31 (Sept. 2026) : Faire de la didactique professionnelle au service de la formation des professionnels des m\u00e9tiers de l\u2019\u00e9ducation : les d\u00e9fis des interactions et des [&hellip;]<\/p>\n","protected":false},"author":1,"featured_media":0,"parent":0,"menu_order":0,"comment_status":"closed","ping_status":"closed","template":"","meta":{"footnotes":""},"class_list":["post-43","page","type-page","status-publish","hentry"],"_links":{"self":[{"href":"https:\/\/travailetapprentissages.fr\/index.php?rest_route=\/wp\/v2\/pages\/43","targetHints":{"allow":["GET"]}}],"collection":[{"href":"https:\/\/travailetapprentissages.fr\/index.php?rest_route=\/wp\/v2\/pages"}],"about":[{"href":"https:\/\/travailetapprentissages.fr\/index.php?rest_route=\/wp\/v2\/types\/page"}],"author":[{"embeddable":true,"href":"https:\/\/travailetapprentissages.fr\/index.php?rest_route=\/wp\/v2\/users\/1"}],"replies":[{"embeddable":true,"href":"https:\/\/travailetapprentissages.fr\/index.php?rest_route=%2Fwp%2Fv2%2Fcomments&post=43"}],"version-history":[{"count":11,"href":"https:\/\/travailetapprentissages.fr\/index.php?rest_route=\/wp\/v2\/pages\/43\/revisions"}],"predecessor-version":[{"id":991,"href":"https:\/\/travailetapprentissages.fr\/index.php?rest_route=\/wp\/v2\/pages\/43\/revisions\/991"}],"wp:attachment":[{"href":"https:\/\/travailetapprentissages.fr\/index.php?rest_route=%2Fwp%2Fv2%2Fmedia&parent=43"}],"curies":[{"name":"wp","href":"https:\/\/api.w.org\/{rel}","templated":true}]}}

Numéros à paraître

<div style="height:50px" aria-hidden="true" class="wp-block-spacer"></div>



<div class="wp-block-columns alignwide is-layout-flex wp-container-core-columns-is-layout-87beb0d0 wp-block-columns-is-layout-flex">
<div class="wp-block-column is-layout-flow wp-block-column-is-layout-flow">
<p class="has-medium-font-size">Numéro 30 (Mars 2026) : <strong>Analyser les interactions et les activités collectives : une ressource pour la formation ?</strong> (Coordonné par D. Trébert, I. Vinatier, M.Y. Merri) </p>



<p>Numéro 31 (Sept. 2026) : <strong>Faire de la didactique professionnelle au service de la formation des professionnels des métiers de l’éducation : les défis des interactions et des ajustements</strong> (Coordonné par E. Saillot et L. Filliettaz)</p>



<div style="height:100px" aria-hidden="true" class="wp-block-spacer"></div>



<p class="has-text-align-center wp-container-content-9cfa9a5a" style="font-size:0px">La revue accueillera dans ses pages tout article qui apportera des éléments visant la compréhension de ces processus, quel que soit le champ professionnel concerné (des activités artisanales au pilotage d’ensembles industriels complexes, de la gestion de systèmes dynamiques à celle des relations humaines, de la relation de service au travail enseignant…), et sans exclusive de références théoriques, de méthodes d’investigation et d’analyses&nbsp;: psychologie, ergonomie, didactiques, linguistique, sciences de l’éducation et de la formation, sociologie, anthropologie, gestion&nbsp;…, dont les recherches qui s’intéressent à l’analyse de l&rsquo;activité au travail et en formation dans une perspective de formation ou de développement des compétences. Elle accepte des articles de différentes formes sous réserve qu’ils soient cohérents avec la présente ligne éditoriale&nbsp;:</p>
</div>
</div>



<p></p>

<p>Numéro 30 (Mars 2026) : Analyser les interactions et les activités collectives : une ressource pour la formation ? (Coordonné par D. Trébert, I. Vinatier, M.Y. Merri) Numéro 31 (Sept. 2026) : Faire de la didactique professionnelle au service de la formation des professionnels des métiers de l’éducation : les défis des interactions et des [&hellip;]</p>
