{"id":920,"date":"2025-12-19T12:11:35","date_gmt":"2025-12-19T11:11:35","guid":{"rendered":"https:\/\/travailetapprentissages.fr\/?page_id=920"},"modified":"2026-01-14T13:59:54","modified_gmt":"2026-01-14T12:59:54","slug":"n27","status":"publish","type":"page","link":"https:\/\/travailetapprentissages.fr\/?page_id=920","title":{"rendered":""},"content":{"rendered":"\n<div class=\"wp-block-group has-global-padding is-layout-constrained wp-block-group-is-layout-constrained\">\n<div class=\"wp-block-columns is-layout-flex wp-container-core-columns-is-layout-28f84493 wp-block-columns-is-layout-flex\">\n<div class=\"wp-block-column is-layout-flow wp-block-column-is-layout-flow\">\n<figure class=\"wp-block-image size-full is-resized\"><img loading=\"lazy\" decoding=\"async\" width=\"182\" height=\"300\" src=\"https:\/\/travailetapprentissages.fr\/wp-content\/uploads\/2025\/12\/Page-garde-n\u00b028-1.webp\" alt=\"\" class=\"wp-image-917\" style=\"width:300px\"\/><\/figure>\n<\/div>\n\n\n\n<div class=\"wp-block-column is-layout-flow wp-block-column-is-layout-flow\">\n<p class=\"has-text-color has-link-color wp-elements-33fe89cd94defb3e3456580355597c38\" style=\"color:#30577a;margin-top:0;margin-right:0;margin-bottom:0;margin-left:0;font-size:clamp(0.929rem, 0.929rem + ((1vw - 0.2rem) * 0.785), 1.4rem);\"><strong>\u00c9laborer une structure conceptuelle en didactique professionnelle : fondements, d\u00e9marches m\u00e9thodologiques et perspectives<\/strong><\/p>\n\n\n\n<p class=\"has-text-color has-link-color has-medium-font-size wp-elements-fcc6beb0ad81c6a6c254253f69d12173\" style=\"color:#30577a\">Travail et apprentissages n\u00b028<\/p>\n\n\n\n<p class=\"has-text-align-left has-small-font-size\">Coordonn\u00e9 par : Charlotte Dejaegher (Universit\u00e9 de Namur, Belgique),&nbsp;Otilia Holgado, (Universit\u00e9 de Sherbrooke, Qu\u00e9bec) et&nbsp;Jonathan Rappe (Universit\u00e9 de Li\u00e8ge, Belgique)<\/p>\n\n\n\n<p>Editions Raison et Passions 2025<\/p>\n\n\n\n<div class=\"wp-block-buttons is-layout-flex wp-block-buttons-is-layout-flex\">\n<div class=\"wp-block-button\"><a class=\"wp-block-button__link wp-element-button\">Acc\u00e9der au num\u00e9ro<\/a><\/div>\n<\/div>\n<\/div>\n<\/div>\n<\/div>\n\n\n\n<p>L&rsquo;introduction et les 6 articles d\u00e9crivent les fondements conceptuels et&nbsp;les m\u00e9thodologies permettant de mod\u00e9liser \u00ab\u00a0les savoirs d\u2019action particuliers que mobilisent les professionnels chevronn\u00e9s en situation\u00a0\u00bb pour agir avec efficacit\u00e9 et s&rsquo;adapter aux situations professionnelles, ce que les&nbsp;les chercheurs du champ de la didactique professionnelle d\u00e9signent avec le concept de \u00ab\u00a0structures conceptuelles des situations\u00a0\u00bb.<\/p>\n\n\n\n<p>Ce faisant, ce num\u00e9ro propose des cl\u00e9s pour&nbsp;aborder une question centrale de la conception des dispositifs de la formation professionnelle : comment rep\u00e9rer, \u00e0 partir de l&rsquo;analyse du travail,&nbsp;\u201cce qui est \u00e0 apprendre\u201d pour agir efficacement en situation professionnelle.<\/p>\n\n\n\n<p>Bonne lecture&nbsp;!<\/p>\n\n\n\n<h2 class=\"wp-block-heading is-style-default has-body-font-family has-large-font-size\">Sommaire<a href=\"https:\/\/shs.cairn.info\/revue-travail-et-apprentissages-2024-1-page-2?lang=fr\"><\/a><\/h2>\n\n\n\n<p><strong>Introduction : L\u2019\u00e9laboration de la structure conceptuelle d\u2019une situation professionnelle en didactique professionnelle\u00a0: un chemin entam\u00e9 <\/strong>&#8211; <em>Charlotte Dejaegher, Otilia Holgado et\u00a0Jonathan Rappe<\/em><\/p>\n\n\n\n<p><a href=\"https:\/\/shs.cairn.info\/revue-travail-et-apprentissages-2024-1-page-11?lang=fr\"><\/a><strong>Comment \u00e9tudier l\u2019action professionnelle \u00e0 l\u2019aide du cadre th\u00e9orique du sch\u00e8me\u00a0? Une m\u00e9thode d\u2019analyse<\/strong> &#8211;<em>\u00a0Jonathan Rappe et\u00a0Patricia Schillings<\/em><\/p>\n\n\n\n<p><a href=\"https:\/\/shs.cairn.info\/revue-travail-et-apprentissages-2024-1-page-29?lang=fr\"><\/a><strong>Analyse des invariants op\u00e9ratoires dans les mod\u00e8les op\u00e9ratifs d\u2019enseignants confront\u00e9s \u00e0 une nouvelle classe de situations\u00a0: quels leviers m\u00e9thodologiques possibles\u00a0? <\/strong>&#8211;<em>\u00a0Am\u00e9lie Lipp<\/em><\/p>\n\n\n\n<p><a href=\"https:\/\/shs.cairn.info\/revue-travail-et-apprentissages-2024-1-page-48?lang=fr\"><\/a><strong>Structure conceptuelle des situations\u00a0: entre mod\u00e8les et repr\u00e9sentations graphiques<\/strong> &#8211;\u00a0<em>G\u00e9raldine Body, Pierre Parage et\u00a0Gregory Mu\u00f1oz<\/em><\/p>\n\n\n\n<p><a href=\"https:\/\/shs.cairn.info\/revue-travail-et-apprentissages-2024-1-page-67?lang=fr\"><\/a><strong>Conception d\u2019un dispositif de formation dans les m\u00e9tiers adress\u00e9s \u00e0 autrui en didactique professionnelle\u00a0: quand la structure conceptuelle ne suffit plus &#8211;<\/strong><em> <\/em><em>Charlotte Dejaegher et\u00a0Yves Depluvrez<\/em><\/p>\n\n\n\n<p><a href=\"https:\/\/shs.cairn.info\/revue-travail-et-apprentissages-2024-1-page-96?lang=fr\"><\/a><strong>Structure conceptuelle de la situation\u00a0: un outil, des usages\u00a0? Etude crois\u00e9e sur l\u2019appropriation m\u00e9thodologique de cet outil par le chercheur dans son activit\u00e9 d\u2019analyse de l\u2019activit\u00e9 professionnelle<\/strong> &#8211;\u00a0<em>Guillaume Gillet<\/em><a href=\"https:\/\/shs.cairn.info\/revue-travail-et-apprentissages-2024-1-page-115?lang=fr\"><\/a><\/p>\n\n\n\n<p><strong>Postface pour des d\u00e9bats \u00e0 venir &#8211; Voltigeurs-chercheurs et concepts de la didactique professionnelle<\/strong> &#8211;\u00a0<em>Paul Olry<\/em><\/p>\n\n\n\n<p><\/p>\n","protected":false},"excerpt":{"rendered":"<p>\u00c9laborer une structure conceptuelle en didactique professionnelle : fondements, d\u00e9marches m\u00e9thodologiques et perspectives Travail et apprentissages n\u00b028 Coordonn\u00e9 par : Charlotte Dejaegher (Universit\u00e9 de Namur, Belgique),&nbsp;Otilia Holgado, (Universit\u00e9 de Sherbrooke, Qu\u00e9bec) et&nbsp;Jonathan Rappe (Universit\u00e9 de Li\u00e8ge, Belgique) Editions Raison et Passions 2025 L&rsquo;introduction et les 6 articles d\u00e9crivent les fondements conceptuels et&nbsp;les m\u00e9thodologies permettant de [&hellip;]<\/p>\n","protected":false},"author":1,"featured_media":0,"parent":0,"menu_order":0,"comment_status":"closed","ping_status":"closed","template":"","meta":{"footnotes":""},"class_list":["post-920","page","type-page","status-publish","hentry"],"_links":{"self":[{"href":"https:\/\/travailetapprentissages.fr\/index.php?rest_route=\/wp\/v2\/pages\/920","targetHints":{"allow":["GET"]}}],"collection":[{"href":"https:\/\/travailetapprentissages.fr\/index.php?rest_route=\/wp\/v2\/pages"}],"about":[{"href":"https:\/\/travailetapprentissages.fr\/index.php?rest_route=\/wp\/v2\/types\/page"}],"author":[{"embeddable":true,"href":"https:\/\/travailetapprentissages.fr\/index.php?rest_route=\/wp\/v2\/users\/1"}],"replies":[{"embeddable":true,"href":"https:\/\/travailetapprentissages.fr\/index.php?rest_route=%2Fwp%2Fv2%2Fcomments&post=920"}],"version-history":[{"count":12,"href":"https:\/\/travailetapprentissages.fr\/index.php?rest_route=\/wp\/v2\/pages\/920\/revisions"}],"predecessor-version":[{"id":972,"href":"https:\/\/travailetapprentissages.fr\/index.php?rest_route=\/wp\/v2\/pages\/920\/revisions\/972"}],"wp:attachment":[{"href":"https:\/\/travailetapprentissages.fr\/index.php?rest_route=%2Fwp%2Fv2%2Fmedia&parent=920"}],"curies":[{"name":"wp","href":"https:\/\/api.w.org\/{rel}","templated":true}]}}

<div class="wp-block-group has-global-padding is-layout-constrained wp-block-group-is-layout-constrained">
<div class="wp-block-columns is-layout-flex wp-container-core-columns-is-layout-28f84493 wp-block-columns-is-layout-flex">
<div class="wp-block-column is-layout-flow wp-block-column-is-layout-flow">
<figure class="wp-block-image size-full is-resized"><img loading="lazy" decoding="async" width="182" height="300" src="https://travailetapprentissages.fr/wp-content/uploads/2025/12/Page-garde-n°28-1.webp" alt="" class="wp-image-917" style="width:300px"/></figure>
</div>



<div class="wp-block-column is-layout-flow wp-block-column-is-layout-flow">
<p class="has-text-color has-link-color wp-elements-33fe89cd94defb3e3456580355597c38" style="color:#30577a;margin-top:0;margin-right:0;margin-bottom:0;margin-left:0;font-size:clamp(0.929rem, 0.929rem + ((1vw - 0.2rem) * 0.785), 1.4rem);"><strong>Élaborer une structure conceptuelle en didactique professionnelle : fondements, démarches méthodologiques et perspectives</strong></p>



<p class="has-text-color has-link-color has-medium-font-size wp-elements-fcc6beb0ad81c6a6c254253f69d12173" style="color:#30577a">Travail et apprentissages n°28</p>



<p class="has-text-align-left has-small-font-size">Coordonné par : Charlotte Dejaegher (Université de Namur, Belgique),&nbsp;Otilia Holgado, (Université de Sherbrooke, Québec) et&nbsp;Jonathan Rappe (Université de Liège, Belgique)</p>



<p>Editions Raison et Passions 2025</p>



<div class="wp-block-buttons is-layout-flex wp-block-buttons-is-layout-flex">
<div class="wp-block-button"><a class="wp-block-button__link wp-element-button">Accéder au numéro</a></div>
</div>
</div>
</div>
</div>



<p>L&rsquo;introduction et les 6 articles décrivent les fondements conceptuels et&nbsp;les méthodologies permettant de modéliser « les savoirs d’action particuliers que mobilisent les professionnels chevronnés en situation » pour agir avec efficacité et s&rsquo;adapter aux situations professionnelles, ce que les&nbsp;les chercheurs du champ de la didactique professionnelle désignent avec le concept de « structures conceptuelles des situations ».</p>



<p>Ce faisant, ce numéro propose des clés pour&nbsp;aborder une question centrale de la conception des dispositifs de la formation professionnelle : comment repérer, à partir de l&rsquo;analyse du travail,&nbsp;“ce qui est à apprendre” pour agir efficacement en situation professionnelle.</p>



<p>Bonne lecture&nbsp;!</p>



<h2 class="wp-block-heading is-style-default has-body-font-family has-large-font-size">Sommaire<a href="https://shs.cairn.info/revue-travail-et-apprentissages-2024-1-page-2?lang=fr"></a></h2>



<p><strong>Introduction : L’élaboration de la structure conceptuelle d’une situation professionnelle en didactique professionnelle : un chemin entamé </strong>&#8211; <em>Charlotte Dejaegher, Otilia Holgado et Jonathan Rappe</em></p>



<p><a href="https://shs.cairn.info/revue-travail-et-apprentissages-2024-1-page-11?lang=fr"></a><strong>Comment étudier l’action professionnelle à l’aide du cadre théorique du schème ? Une méthode d’analyse</strong> &#8211;<em> Jonathan Rappe et Patricia Schillings</em></p>



<p><a href="https://shs.cairn.info/revue-travail-et-apprentissages-2024-1-page-29?lang=fr"></a><strong>Analyse des invariants opératoires dans les modèles opératifs d’enseignants confrontés à une nouvelle classe de situations : quels leviers méthodologiques possibles ? </strong>&#8211;<em> Amélie Lipp</em></p>



<p><a href="https://shs.cairn.info/revue-travail-et-apprentissages-2024-1-page-48?lang=fr"></a><strong>Structure conceptuelle des situations : entre modèles et représentations graphiques</strong> &#8211; <em>Géraldine Body, Pierre Parage et Gregory Muñoz</em></p>



<p><a href="https://shs.cairn.info/revue-travail-et-apprentissages-2024-1-page-67?lang=fr"></a><strong>Conception d’un dispositif de formation dans les métiers adressés à autrui en didactique professionnelle : quand la structure conceptuelle ne suffit plus &#8211;</strong><em> </em><em>Charlotte Dejaegher et Yves Depluvrez</em></p>



<p><a href="https://shs.cairn.info/revue-travail-et-apprentissages-2024-1-page-96?lang=fr"></a><strong>Structure conceptuelle de la situation : un outil, des usages ? Etude croisée sur l’appropriation méthodologique de cet outil par le chercheur dans son activité d’analyse de l’activité professionnelle</strong> &#8211; <em>Guillaume Gillet</em><a href="https://shs.cairn.info/revue-travail-et-apprentissages-2024-1-page-115?lang=fr"></a></p>



<p><strong>Postface pour des débats à venir &#8211; Voltigeurs-chercheurs et concepts de la didactique professionnelle</strong> &#8211; <em>Paul Olry</em></p>



<p></p>

<p>Élaborer une structure conceptuelle en didactique professionnelle : fondements, démarches méthodologiques et perspectives Travail et apprentissages n°28 Coordonné par : Charlotte Dejaegher (Université de Namur, Belgique),&nbsp;Otilia Holgado, (Université de Sherbrooke, Québec) et&nbsp;Jonathan Rappe (Université de Liège, Belgique) Editions Raison et Passions 2025 L&rsquo;introduction et les 6 articles décrivent les fondements conceptuels et&nbsp;les méthodologies permettant de [&hellip;]</p>
