{"id":952,"date":"2025-12-19T15:21:31","date_gmt":"2025-12-19T14:21:31","guid":{"rendered":"https:\/\/travailetapprentissages.fr\/?page_id=952"},"modified":"2025-12-19T15:36:30","modified_gmt":"2025-12-19T14:36:30","slug":"n27-varia","status":"publish","type":"page","link":"https:\/\/travailetapprentissages.fr\/?page_id=952","title":{"rendered":""},"content":{"rendered":"\n<div class=\"wp-block-columns is-layout-flex wp-container-core-columns-is-layout-28f84493 wp-block-columns-is-layout-flex\">\n<div class=\"wp-block-column is-layout-flow wp-block-column-is-layout-flow\" style=\"flex-basis:50%\">\n<figure class=\"wp-block-image size-full\"><img loading=\"lazy\" decoding=\"async\" width=\"200\" height=\"300\" src=\"https:\/\/travailetapprentissages.fr\/wp-content\/uploads\/2025\/12\/Page-de-garde-n\u00b027.webp\" alt=\"\" class=\"wp-image-921\"\/><\/figure>\n<\/div>\n\n\n\n<div class=\"wp-block-column is-layout-flow wp-block-column-is-layout-flow\" style=\"flex-basis:60%\">\n<p class=\"has-base-color has-text-color has-link-color has-x-large-font-size wp-elements-4f6ba4c0a3aa6c5e5883a976456a7356\">Varia<\/p>\n\n\n\n<p>Travail et apprentissages n\u00b027<\/p>\n\n\n\n<p>Editions Raison et passions 2024<\/p>\n\n\n\n<div class=\"wp-block-buttons is-layout-flex wp-block-buttons-is-layout-flex\">\n<div class=\"wp-block-button\"><a class=\"wp-block-button__link wp-element-button\" href=\"https:\/\/shs.cairn.info\/revue-travail-et-apprentissages-2024-1?lang=fr\">Acc\u00e9der au num\u00e9ro<\/a><\/div>\n<\/div>\n<\/div>\n<\/div>\n\n\n\n<p class=\"has-text-align-center has-x-large-font-size\">Sommaire<\/p>\n\n\n\n<p><strong>\u00c9ditorial<\/strong><\/p>\n\n\n\n<p><strong>Une approche conceptuelle des parcours pour l\u2019ing\u00e9nierie du d\u00e9veloppement des comp\u00e9tences professionnelles<\/strong> &#8211; <em>Jean-Fran\u00e7ois M\u00e9tral<\/em><a href=\"https:\/\/shs.cairn.info\/revue-travail-et-apprentissages-2024-1-page-29?lang=fr\"><\/a><\/p>\n\n\n\n<p><strong>Se former \u00e0 l\u2019ensemble action\/geste d\u2019aspiration endotrach\u00e9ale\u00a0: d\u2019une transmission clandestine vers les aides-soignantes \u00e0 une didactisation du geste<\/strong> &#8211; <em>Yann Sioche, Christophe Bredelet et\u00a0Paul Olry<\/em><\/p>\n\n\n\n<p><strong>Apprendre \u00e0 travailler avec le vivant\u00a0: analyse du potentiel d\u2019apprentissage d\u2019un prototype de simulateur de for\u00eat Silva Numerica<\/strong> &#8211;\u00a0<em>Thibault Chiron<\/em><\/p>\n\n\n\n<p><strong>Analyse d\u2019une approche contemplative, le th\u00e9\u00e2tre-image, pour d\u00e9passer un dilemme \u00e9thique en contexte professionnel<\/strong> &#8211; <em>Am\u00e9lie Lipp et\u00a0Michel Vidal<\/em><\/p>\n\n\n\n<p><strong>La formation continue des enseignants comme relation de service\u00a0: une ing\u00e9nierie didactique professionnelle pour la faire \u00e9voluer<\/strong> &#8211;\u00a0<em>Anne-Marie Cloet-Sanchez<\/em><\/p>\n\n\n\n<p><strong>Les gestes de m\u00e9tier et l\u2019\u00e9thos professionnels en cuisine\u00a0: une articulation entre monde scolaire et monde du travail<\/strong> &#8211; <em>Estelle Bonnet, H\u00e9l\u00e8ne Croc\u00e9-Spinelli et\u00a0Christel Touraille<\/em><a href=\"https:\/\/shs.cairn.info\/revue-travail-et-apprentissages-2024-1-page-115?lang=fr\"><\/a><\/p>\n\n\n\n<p><strong>D\u00e9buter dans le m\u00e9tier d\u2019enseignant\u00a0: entre contextes d\u2019insertion et rapport au travail<\/strong> <em>&#8211; Th\u00e9r\u00e8se Perez-Roux et Christine Fran\u00e7oise<\/em><\/p>\n","protected":false},"excerpt":{"rendered":"<p>Varia Travail et apprentissages n\u00b027 Editions Raison et passions 2024 Sommaire \u00c9ditorial Une approche conceptuelle des parcours pour l\u2019ing\u00e9nierie du d\u00e9veloppement des comp\u00e9tences professionnelles &#8211; Jean-Fran\u00e7ois M\u00e9tral Se former \u00e0 l\u2019ensemble action\/geste d\u2019aspiration endotrach\u00e9ale\u00a0: d\u2019une transmission clandestine vers les aides-soignantes \u00e0 une didactisation du geste &#8211; Yann Sioche, Christophe Bredelet et\u00a0Paul Olry Apprendre \u00e0 travailler [&hellip;]<\/p>\n","protected":false},"author":1,"featured_media":0,"parent":0,"menu_order":0,"comment_status":"closed","ping_status":"closed","template":"","meta":{"footnotes":""},"class_list":["post-952","page","type-page","status-publish","hentry"],"_links":{"self":[{"href":"https:\/\/travailetapprentissages.fr\/index.php?rest_route=\/wp\/v2\/pages\/952","targetHints":{"allow":["GET"]}}],"collection":[{"href":"https:\/\/travailetapprentissages.fr\/index.php?rest_route=\/wp\/v2\/pages"}],"about":[{"href":"https:\/\/travailetapprentissages.fr\/index.php?rest_route=\/wp\/v2\/types\/page"}],"author":[{"embeddable":true,"href":"https:\/\/travailetapprentissages.fr\/index.php?rest_route=\/wp\/v2\/users\/1"}],"replies":[{"embeddable":true,"href":"https:\/\/travailetapprentissages.fr\/index.php?rest_route=%2Fwp%2Fv2%2Fcomments&post=952"}],"version-history":[{"count":3,"href":"https:\/\/travailetapprentissages.fr\/index.php?rest_route=\/wp\/v2\/pages\/952\/revisions"}],"predecessor-version":[{"id":960,"href":"https:\/\/travailetapprentissages.fr\/index.php?rest_route=\/wp\/v2\/pages\/952\/revisions\/960"}],"wp:attachment":[{"href":"https:\/\/travailetapprentissages.fr\/index.php?rest_route=%2Fwp%2Fv2%2Fmedia&parent=952"}],"curies":[{"name":"wp","href":"https:\/\/api.w.org\/{rel}","templated":true}]}}

<div class="wp-block-columns is-layout-flex wp-container-core-columns-is-layout-28f84493 wp-block-columns-is-layout-flex">
<div class="wp-block-column is-layout-flow wp-block-column-is-layout-flow" style="flex-basis:50%">
<figure class="wp-block-image size-full"><img loading="lazy" decoding="async" width="200" height="300" src="https://travailetapprentissages.fr/wp-content/uploads/2025/12/Page-de-garde-n°27.webp" alt="" class="wp-image-921"/></figure>
</div>



<div class="wp-block-column is-layout-flow wp-block-column-is-layout-flow" style="flex-basis:60%">
<p class="has-base-color has-text-color has-link-color has-x-large-font-size wp-elements-4f6ba4c0a3aa6c5e5883a976456a7356">Varia</p>



<p>Travail et apprentissages n°27</p>



<p>Editions Raison et passions 2024</p>



<div class="wp-block-buttons is-layout-flex wp-block-buttons-is-layout-flex">
<div class="wp-block-button"><a class="wp-block-button__link wp-element-button" href="https://shs.cairn.info/revue-travail-et-apprentissages-2024-1?lang=fr">Accéder au numéro</a></div>
</div>
</div>
</div>



<p class="has-text-align-center has-x-large-font-size">Sommaire</p>



<p><strong>Éditorial</strong></p>



<p><strong>Une approche conceptuelle des parcours pour l’ingénierie du développement des compétences professionnelles</strong> &#8211; <em>Jean-François Métral</em><a href="https://shs.cairn.info/revue-travail-et-apprentissages-2024-1-page-29?lang=fr"></a></p>



<p><strong>Se former à l’ensemble action/geste d’aspiration endotrachéale : d’une transmission clandestine vers les aides-soignantes à une didactisation du geste</strong> &#8211; <em>Yann Sioche, Christophe Bredelet et Paul Olry</em></p>



<p><strong>Apprendre à travailler avec le vivant : analyse du potentiel d’apprentissage d’un prototype de simulateur de forêt Silva Numerica</strong> &#8211; <em>Thibault Chiron</em></p>



<p><strong>Analyse d’une approche contemplative, le théâtre-image, pour dépasser un dilemme éthique en contexte professionnel</strong> &#8211; <em>Amélie Lipp et Michel Vidal</em></p>



<p><strong>La formation continue des enseignants comme relation de service : une ingénierie didactique professionnelle pour la faire évoluer</strong> &#8211; <em>Anne-Marie Cloet-Sanchez</em></p>



<p><strong>Les gestes de métier et l’éthos professionnels en cuisine : une articulation entre monde scolaire et monde du travail</strong> &#8211; <em>Estelle Bonnet, Hélène Crocé-Spinelli et Christel Touraille</em><a href="https://shs.cairn.info/revue-travail-et-apprentissages-2024-1-page-115?lang=fr"></a></p>



<p><strong>Débuter dans le métier d’enseignant : entre contextes d’insertion et rapport au travail</strong> <em>&#8211; Thérèse Perez-Roux et Christine Françoise</em></p>

<p>Varia Travail et apprentissages n°27 Editions Raison et passions 2024 Sommaire Éditorial Une approche conceptuelle des parcours pour l’ingénierie du développement des compétences professionnelles &#8211; Jean-François Métral Se former à l’ensemble action/geste d’aspiration endotrachéale : d’une transmission clandestine vers les aides-soignantes à une didactisation du geste &#8211; Yann Sioche, Christophe Bredelet et Paul Olry Apprendre à travailler [&hellip;]</p>
